[INFO] cloning repository https://github.com/clatour/hyper-header-examples
[INFO] running `Command { std: "git" "-c" "credential.helper=" "-c" "credential.helper=/workspace/cargo-home/bin/git-credential-null" "clone" "--bare" "https://github.com/clatour/hyper-header-examples" "/workspace/cache/git-repos/https%3A%2F%2Fgithub.com%2Fclatour%2Fhyper-header-examples", kill_on_drop: false }`
[INFO] [stderr] Cloning into bare repository '/workspace/cache/git-repos/https%3A%2F%2Fgithub.com%2Fclatour%2Fhyper-header-examples'...
[INFO] running `Command { std: "git" "rev-parse" "HEAD", kill_on_drop: false }`
[INFO] [stdout] 73c19d131dd7b91a562e67c4dd24e6732ab922ad
[INFO] checking clatour/hyper-header-examples against master#af3c6e733a40e671550e0f0f5aeecaa13772ba56 for pr-74989
[INFO] running `Command { std: "git" "clone" "/workspace/cache/git-repos/https%3A%2F%2Fgithub.com%2Fclatour%2Fhyper-header-examples" "/workspace/builds/worker-0/source", kill_on_drop: false }`
[INFO] [stderr] Cloning into '/workspace/builds/worker-0/source'...
[INFO] [stderr] done.
[INFO] validating manifest of git repo https://github.com/clatour/hyper-header-examples on toolchain af3c6e733a40e671550e0f0f5aeecaa13772ba56
[INFO] running `Command { std: "/workspace/cargo-home/bin/cargo" "+af3c6e733a40e671550e0f0f5aeecaa13772ba56" "read-manifest" "--manifest-path" "Cargo.toml", kill_on_drop: false }`
[INFO] started tweaking git repo https://github.com/clatour/hyper-header-examples
[INFO] finished tweaking git repo https://github.com/clatour/hyper-header-examples
[INFO] tweaked toml for git repo https://github.com/clatour/hyper-header-examples written to /workspace/builds/worker-0/source/Cargo.toml
[INFO] crate git repo https://github.com/clatour/hyper-header-examples already has a lockfile, it will not be regenerated
[INFO] running `Command { std: "/workspace/cargo-home/bin/cargo" "+af3c6e733a40e671550e0f0f5aeecaa13772ba56" "fetch" "--locked" "--manifest-path" "Cargo.toml", kill_on_drop: false }`
[INFO] [stderr] error: the lock file /workspace/builds/worker-0/source/Cargo.lock needs to be updated but --locked was passed to prevent this
[INFO] [stderr] If you want to try to generate the lock file without accessing the network, use the --offline flag.
[INFO] the lockfile is outdated, regenerating it
[INFO] running `Command { std: "/workspace/cargo-home/bin/cargo" "+af3c6e733a40e671550e0f0f5aeecaa13772ba56" "generate-lockfile" "--manifest-path" "Cargo.toml" "-Zno-index-update", kill_on_drop: false }`
[INFO] running `Command { std: "/workspace/cargo-home/bin/cargo" "+af3c6e733a40e671550e0f0f5aeecaa13772ba56" "fetch" "--locked" "--manifest-path" "Cargo.toml", kill_on_drop: false }`
[INFO] running `Command { std: "docker" "create" "-v" "/var/lib/crater-agent-workspace/builds/worker-0/target:/opt/rustwide/target:rw,Z" "-v" "/var/lib/crater-agent-workspace/builds/worker-0/source:/opt/rustwide/workdir:ro,Z" "-v" "/var/lib/crater-agent-workspace/cargo-home:/opt/rustwide/cargo-home:ro,Z" "-v" "/var/lib/crater-agent-workspace/rustup-home:/opt/rustwide/rustup-home:ro,Z" "-e" "SOURCE_DIR=/opt/rustwide/workdir" "-e" "CARGO_TARGET_DIR=/opt/rustwide/target" "-e" "CARGO_HOME=/opt/rustwide/cargo-home" "-e" "RUSTUP_HOME=/opt/rustwide/rustup-home" "-w" "/opt/rustwide/workdir" "-m" "1610612736" "--user" "0:0" "--network" "none" "rustops/crates-build-env@sha256:d92eaeed33fa75130ca1ee6c8a01d1ffb62bac859dfdfb3450e3e5d1c0146529" "/opt/rustwide/cargo-home/bin/cargo" "+af3c6e733a40e671550e0f0f5aeecaa13772ba56" "metadata" "--no-deps" "--format-version=1", kill_on_drop: false }`
[INFO] [stdout] f6facba9adf4e1c84e5da9bdb395d210aa8f45814bfa1a5b0ddbcbe9b72aea7f
[INFO] [stderr] WARNING: Your kernel does not support swap limit capabilities or the cgroup is not mounted. Memory limited without swap.
[INFO] running `Command { std: "docker" "start" "-a" "f6facba9adf4e1c84e5da9bdb395d210aa8f45814bfa1a5b0ddbcbe9b72aea7f", kill_on_drop: false }`
[INFO] running `Command { std: "docker" "inspect" "f6facba9adf4e1c84e5da9bdb395d210aa8f45814bfa1a5b0ddbcbe9b72aea7f", kill_on_drop: false }`
[INFO] running `Command { std: "docker" "rm" "-f" "f6facba9adf4e1c84e5da9bdb395d210aa8f45814bfa1a5b0ddbcbe9b72aea7f", kill_on_drop: false }`
[INFO] [stdout] f6facba9adf4e1c84e5da9bdb395d210aa8f45814bfa1a5b0ddbcbe9b72aea7f
[INFO] running `Command { std: "docker" "create" "-v" "/var/lib/crater-agent-workspace/builds/worker-0/target:/opt/rustwide/target:rw,Z" "-v" "/var/lib/crater-agent-workspace/builds/worker-0/source:/opt/rustwide/workdir:ro,Z" "-v" "/var/lib/crater-agent-workspace/cargo-home:/opt/rustwide/cargo-home:ro,Z" "-v" "/var/lib/crater-agent-workspace/rustup-home:/opt/rustwide/rustup-home:ro,Z" "-e" "SOURCE_DIR=/opt/rustwide/workdir" "-e" "CARGO_TARGET_DIR=/opt/rustwide/target" "-e" "CARGO_INCREMENTAL=0" "-e" "RUST_BACKTRACE=full" "-e" "RUSTFLAGS=--cap-lints=forbid" "-e" "CARGO_HOME=/opt/rustwide/cargo-home" "-e" "RUSTUP_HOME=/opt/rustwide/rustup-home" "-w" "/opt/rustwide/workdir" "-m" "1610612736" "--user" "0:0" "--network" "none" "rustops/crates-build-env@sha256:d92eaeed33fa75130ca1ee6c8a01d1ffb62bac859dfdfb3450e3e5d1c0146529" "/opt/rustwide/cargo-home/bin/cargo" "+af3c6e733a40e671550e0f0f5aeecaa13772ba56" "check" "--frozen" "--all" "--all-targets" "--message-format=json", kill_on_drop: false }`
[INFO] [stderr] WARNING: Your kernel does not support swap limit capabilities or the cgroup is not mounted. Memory limited without swap.
[INFO] [stdout] 92027b064e08d5a6f36ca0e09016180496a2d31e18743521310acd7c8353b632
[INFO] running `Command { std: "docker" "start" "-a" "92027b064e08d5a6f36ca0e09016180496a2d31e18743521310acd7c8353b632", kill_on_drop: false }`
[INFO] [stderr]    Compiling libc v0.2.77
[INFO] [stderr]    Compiling version_check v0.9.2
[INFO] [stderr]    Compiling proc-macro2 v1.0.21
[INFO] [stderr]    Compiling unicode-xid v0.2.1
[INFO] [stderr]    Compiling syn v1.0.40
[INFO] [stderr]    Compiling log v0.4.11
[INFO] [stderr]    Compiling memchr v2.3.3
[INFO] [stderr]    Compiling pin-project-internal v0.4.23
[INFO] [stderr]     Checking bytes v0.5.6
[INFO] [stderr]     Checking futures-core v0.3.5
[INFO] [stderr]     Checking fnv v1.0.7
[INFO] [stderr]    Compiling autocfg v1.0.1
[INFO] [stderr]     Checking itoa v0.4.6
[INFO] [stderr]    Compiling proc-macro-hack v0.5.18
[INFO] [stderr]    Compiling const_fn v0.4.2
[INFO] [stderr]     Checking pin-project-lite v0.1.7
[INFO] [stderr]     Checking hashbrown v0.9.0
[INFO] [stderr]     Checking futures-task v0.3.5
[INFO] [stderr]     Checking pin-utils v0.1.0
[INFO] [stderr]    Compiling httparse v1.3.4
[INFO] [stderr]     Checking futures-sink v0.3.5
[INFO] [stderr]     Checking quick-error v1.2.3
[INFO] [stderr]     Checking try-lock v0.2.3
[INFO] [stderr]     Checking regex-syntax v0.6.18
[INFO] [stderr]     Checking termcolor v1.1.0
[INFO] [stderr]     Checking tower-service v0.3.0
[INFO] [stderr]     Checking tracing-core v0.1.16
[INFO] [stderr]     Checking thread_local v1.0.1
[INFO] [stderr]     Checking futures-channel v0.3.5
[INFO] [stderr]     Checking humantime v1.3.0
[INFO] [stderr]     Checking http v0.2.1
[INFO] [stderr]    Compiling standback v0.2.10
[INFO] [stderr]    Compiling time v0.2.19
[INFO] [stderr]    Compiling unicase v2.6.0
[INFO] [stderr]    Compiling cookie v0.14.2
[INFO] [stderr]    Compiling indexmap v1.6.0
[INFO] [stderr]     Checking want v0.3.0
[INFO] [stderr]     Checking tracing v0.1.19
[INFO] [stderr]     Checking aho-corasick v0.7.13
[INFO] [stderr]     Checking net2 v0.2.35
[INFO] [stderr]     Checking iovec v0.1.4
[INFO] [stderr]     Checking time v0.1.44
[INFO] [stderr]     Checking atty v0.2.14
[INFO] [stderr]     Checking socket2 v0.3.15
[INFO] [stderr]    Compiling quote v1.0.7
[INFO] [stderr]     Checking mio v0.6.22
[INFO] [stderr]     Checking tokio v0.2.22
[INFO] [stderr]     Checking regex v1.3.9
[INFO] [stderr]     Checking http-body v0.3.1
[INFO] [stderr]     Checking env_logger v0.7.1
[INFO] [stderr]     Checking tokio-util v0.3.1
[INFO] [stderr]    Compiling time-macros-impl v0.1.1
[INFO] [stderr]     Checking time-macros v0.1.0
[INFO] [stderr]     Checking pin-project v0.4.23
[INFO] [stderr]     Checking futures-util v0.3.5
[INFO] [stderr]     Checking h2 v0.2.6
[INFO] [stderr]     Checking hyper v0.13.7
[INFO] [stderr]     Checking hyper-header-examples v0.1.0 (/opt/rustwide/workdir)
[INFO] [stdout] error[E0432]: unresolved imports `hyper::header::Headers`, `hyper::header::Accept`, `hyper::header::qitem`
[INFO] [stdout]   --> src/main.rs:14:29
[INFO] [stdout]    |
[INFO] [stdout] 14 |         use hyper::header::{Headers, Accept, qitem};
[INFO] [stdout]    |                             ^^^^^^^  ^^^^^^  ^^^^^ no `qitem` in `header`
[INFO] [stdout]    |                             |        |
[INFO] [stdout]    |                             |        no `Accept` in `header`
[INFO] [stdout]    |                             no `Headers` in `header`
[INFO] [stdout] 
[INFO] [stdout] 
[INFO] [stdout] error[E0432]: unresolved import `hyper::mime`
[INFO] [stdout]   --> src/main.rs:15:20
[INFO] [stdout]    |
[INFO] [stdout] 15 |         use hyper::mime::{Mime, TopLevel, SubLevel};
[INFO] [stdout]    |                    ^^^^ could not find `mime` in `hyper`
[INFO] [stdout] 
[INFO] [stdout] 
[INFO] [stdout] error[E0432]: unresolved imports `hyper::header::Headers`, `hyper::header::Accept`, `hyper::header::qitem`
[INFO] [stdout]   --> src/main.rs:30:29
[INFO] [stdout]    |
[INFO] [stdout] 30 |         use hyper::header::{Headers, Accept, qitem};
[INFO] [stdout]    |                             ^^^^^^^  ^^^^^^  ^^^^^ no `qitem` in `header`
[INFO] [stdout]    |                             |        |
[INFO] [stdout]    |                             |        no `Accept` in `header`
[INFO] [stdout]    |                             no `Headers` in `header`
[INFO] [stdout] 
[INFO] [stdout] 
[INFO] [stdout] error[E0432]: unresolved import `hyper::mime`
[INFO] [stdout]   --> src/main.rs:31:20
[INFO] [stdout]    |
[INFO] [stdout] 31 |         use hyper::mime::{Mime, TopLevel, SubLevel, Attr, Value};
[INFO] [stdout]    |                    ^^^^ could not find `mime` in `hyper`
[INFO] [stdout] 
[INFO] [stdout] 
[INFO] [stdout] error[E0432]: unresolved imports `hyper::header::Headers`, `hyper::header::Accept`, `hyper::header::QualityItem`, `hyper::header::Quality`, `hyper::header::qitem`
[INFO] [stdout]   --> src/main.rs:46:29
[INFO] [stdout]    |
[INFO] [stdout] 46 |         use hyper::header::{Headers, Accept, QualityItem, Quality, qitem};
[INFO] [stdout]    |                             ^^^^^^^  ^^^^^^  ^^^^^^^^^^^  ^^^^^^^  ^^^^^ no `qitem` in `header`
[INFO] [stdout]    |                             |        |       |            |
[INFO] [stdout]    |                             |        |       |            no `Quality` in `header`
[INFO] [stdout]    |                             |        |       no `QualityItem` in `header`
[INFO] [stdout]    |                             |        no `Accept` in `header`
[INFO] [stdout]    |                             no `Headers` in `header`
[INFO] [stdout] 
[INFO] [stdout] 
[INFO] [stdout] error[E0432]: unresolved import `hyper::mime`
[INFO] [stdout]   --> src/main.rs:47:20
[INFO] [stdout]    |
[INFO] [stdout] 47 |         use hyper::mime::{Mime, TopLevel, SubLevel};
[INFO] [stdout]    |                    ^^^^ could not find `mime` in `hyper`
[INFO] [stdout] 
[INFO] [stdout] 
[INFO] [stdout] error[E0432]: unresolved imports `hyper::header::Headers`, `hyper::header::AcceptCharset`, `hyper::header::Charset`, `hyper::header::qitem`
[INFO] [stdout]   --> src/main.rs:71:29
[INFO] [stdout]    |
[INFO] [stdout] 71 |         use hyper::header::{Headers, AcceptCharset, Charset, qitem};
[INFO] [stdout]    |                             ^^^^^^^  ^^^^^^^^^^^^^  ^^^^^^^  ^^^^^ no `qitem` in `header`
[INFO] [stdout]    |                             |        |              |
[INFO] [stdout]    |                             |        |              no `Charset` in `header`
[INFO] [stdout]    |                             |        no `AcceptCharset` in `header`
[INFO] [stdout]    |                             no `Headers` in `header`
[INFO] [stdout] 
[INFO] [stdout] 
[INFO] [stdout] error[E0432]: unresolved imports `hyper::header::Headers`, `hyper::header::AcceptCharset`, `hyper::header::Charset`, `hyper::header::Quality`, `hyper::header::QualityItem`
[INFO] [stdout]   --> src/main.rs:83:29
[INFO] [stdout]    |
[INFO] [stdout] 83 |         use hyper::header::{Headers, AcceptCharset, Charset, Quality, QualityItem};
[INFO] [stdout]    |                             ^^^^^^^  ^^^^^^^^^^^^^  ^^^^^^^  ^^^^^^^  ^^^^^^^^^^^ no `QualityItem` in `header`
[INFO] [stdout]    |                             |        |              |        |
[INFO] [stdout]    |                             |        |              |        no `Quality` in `header`
[INFO] [stdout]    |                             |        |              no `Charset` in `header`
[INFO] [stdout]    |                             |        no `AcceptCharset` in `header`
[INFO] [stdout]    |                             no `Headers` in `header`
[INFO] [stdout] 
[INFO] [stdout] 
[INFO] [stdout] error[E0432]: unresolved imports `hyper::header::Headers`, `hyper::header::AcceptCharset`, `hyper::header::Charset`, `hyper::header::qitem`
[INFO] [stdout]   --> src/main.rs:98:29
[INFO] [stdout]    |
[INFO] [stdout] 98 |         use hyper::header::{Headers, AcceptCharset, Charset, qitem};
[INFO] [stdout]    |                             ^^^^^^^  ^^^^^^^^^^^^^  ^^^^^^^  ^^^^^ no `qitem` in `header`
[INFO] [stdout]    |                             |        |              |
[INFO] [stdout]    |                             |        |              no `Charset` in `header`
[INFO] [stdout]    |                             |        no `AcceptCharset` in `header`
[INFO] [stdout]    |                             no `Headers` in `header`
[INFO] [stdout] 
[INFO] [stdout] 
[INFO] [stdout] error[E0432]: unresolved imports `hyper::header::Headers`, `hyper::header::AcceptEncoding`, `hyper::header::Encoding`, `hyper::header::qitem`
[INFO] [stdout]    --> src/main.rs:113:29
[INFO] [stdout]     |
[INFO] [stdout] 113 |         use hyper::header::{Headers, AcceptEncoding, Encoding, qitem};
[INFO] [stdout]     |                             ^^^^^^^  ^^^^^^^^^^^^^^  ^^^^^^^^  ^^^^^ no `qitem` in `header`
[INFO] [stdout]     |                             |        |               |
[INFO] [stdout]     |                             |        |               no `Encoding` in `header`
[INFO] [stdout]     |                             |        no `AcceptEncoding` in `header`
[INFO] [stdout]     |                             no `Headers` in `header`
[INFO] [stdout] 
[INFO] [stdout] 
[INFO] [stdout] error[E0432]: unresolved imports `hyper::header::Headers`, `hyper::header::AcceptEncoding`, `hyper::header::Encoding`, `hyper::header::qitem`
[INFO] [stdout]    --> src/main.rs:125:29
[INFO] [stdout]     |
[INFO] [stdout] 125 |         use hyper::header::{Headers, AcceptEncoding, Encoding, qitem};
[INFO] [stdout]     |                             ^^^^^^^  ^^^^^^^^^^^^^^  ^^^^^^^^  ^^^^^ no `qitem` in `header`
[INFO] [stdout]     |                             |        |               |
[INFO] [stdout]     |                             |        |               no `Encoding` in `header`
[INFO] [stdout]     |                             |        no `AcceptEncoding` in `header`
[INFO] [stdout]     |                             no `Headers` in `header`
[INFO] [stdout] 
[INFO] [stdout] 
[INFO] [stdout] error[E0432]: unresolved imports `hyper::header::Headers`, `hyper::header::AcceptEncoding`, `hyper::header::Encoding`, `hyper::header::QualityItem`, `hyper::header::Quality`, `hyper::header::qitem`
[INFO] [stdout]    --> src/main.rs:141:29
[INFO] [stdout]     |
[INFO] [stdout] 141 |         use hyper::header::{Headers, AcceptEncoding, Encoding, QualityItem, Quality, qitem};
[INFO] [stdout]     |                             ^^^^^^^  ^^^^^^^^^^^^^^  ^^^^^^^^  ^^^^^^^^^^^  ^^^^^^^  ^^^^^ no `qitem` in `header`
[INFO] [stdout]     |                             |        |               |         |            |
[INFO] [stdout]     |                             |        |               |         |            no `Quality` in `header`
[INFO] [stdout]     |                             |        |               |         no `QualityItem` in `header`
[INFO] [stdout]     |                             |        |               no `Encoding` in `header`
[INFO] [stdout]     |                             |        no `AcceptEncoding` in `header`
[INFO] [stdout]     |                             no `Headers` in `header`
[INFO] [stdout] 
[INFO] [stdout] 
[INFO] [stdout] error[E0432]: unresolved imports `hyper::header::Headers`, `hyper::header::AcceptLanguage`, `hyper::header::Language`, `hyper::header::qitem`
[INFO] [stdout]    --> src/main.rs:160:29
[INFO] [stdout]     |
[INFO] [stdout] 160 |         use hyper::header::{Headers, AcceptLanguage, Language, qitem};
[INFO] [stdout]     |                             ^^^^^^^  ^^^^^^^^^^^^^^  ^^^^^^^^  ^^^^^ no `qitem` in `header`
[INFO] [stdout]     |                             |        |               |
[INFO] [stdout]     |                             |        |               no `Language` in `header`
[INFO] [stdout]     |                             |        no `AcceptLanguage` in `header`
[INFO] [stdout]     |                             no `Headers` in `header`
[INFO] [stdout] 
[INFO] [stdout] 
[INFO] [stdout] error[E0432]: unresolved imports `hyper::header::Headers`, `hyper::header::AcceptLanguage`, `hyper::header::Language`, `hyper::header::QualityItem`, `hyper::header::Quality`, `hyper::header::qitem`
[INFO] [stdout]    --> src/main.rs:179:29
[INFO] [stdout]     |
[INFO] [stdout] 179 |         use hyper::header::{Headers, AcceptLanguage, Language, QualityItem, Quality, qitem};
[INFO] [stdout]     |                             ^^^^^^^  ^^^^^^^^^^^^^^  ^^^^^^^^  ^^^^^^^^^^^  ^^^^^^^  ^^^^^ no `qitem` in `header`
[INFO] [stdout]     |                             |        |               |         |            |
[INFO] [stdout]     |                             |        |               |         |            no `Quality` in `header`
[INFO] [stdout]     |                             |        |               |         no `QualityItem` in `header`
[INFO] [stdout]     |                             |        |               no `Language` in `header`
[INFO] [stdout]     |                             |        no `AcceptLanguage` in `header`
[INFO] [stdout]     |                             no `Headers` in `header`
[INFO] [stdout] 
[INFO] [stdout] 
[INFO] [stdout] error[E0432]: unresolved imports `hyper::header::Headers`, `hyper::header::AcceptRanges`, `hyper::header::RangeUnit`
[INFO] [stdout]    --> src/main.rs:214:29
[INFO] [stdout]     |
[INFO] [stdout] 214 |         use hyper::header::{Headers, AcceptRanges, RangeUnit};
[INFO] [stdout]     |                             ^^^^^^^  ^^^^^^^^^^^^  ^^^^^^^^^ no `RangeUnit` in `header`
[INFO] [stdout]     |                             |        |
[INFO] [stdout]     |                             |        no `AcceptRanges` in `header`
[INFO] [stdout]     |                             no `Headers` in `header`
[INFO] [stdout] 
[INFO] [stdout] 
[INFO] [stdout] error[E0432]: unresolved imports `hyper::header::Headers`, `hyper::header::AcceptRanges`, `hyper::header::RangeUnit`
[INFO] [stdout]    --> src/main.rs:224:29
[INFO] [stdout]     |
[INFO] [stdout] 224 |         use hyper::header::{Headers, AcceptRanges, RangeUnit};
[INFO] [stdout]     |                             ^^^^^^^  ^^^^^^^^^^^^  ^^^^^^^^^ no `RangeUnit` in `header`
[INFO] [stdout]     |                             |        |
[INFO] [stdout]     |                             |        no `AcceptRanges` in `header`
[INFO] [stdout]     |                             no `Headers` in `header`
[INFO] [stdout] 
[INFO] [stdout] 
[INFO] [stdout] error[E0432]: unresolved imports `hyper::header::Headers`, `hyper::header::AcceptRanges`, `hyper::header::RangeUnit`
[INFO] [stdout]    --> src/main.rs:234:29
[INFO] [stdout]     |
[INFO] [stdout] 234 |         use hyper::header::{Headers, AcceptRanges, RangeUnit};
[INFO] [stdout]     |                             ^^^^^^^  ^^^^^^^^^^^^  ^^^^^^^^^ no `RangeUnit` in `header`
[INFO] [stdout]     |                             |        |
[INFO] [stdout]     |                             |        no `AcceptRanges` in `header`
[INFO] [stdout]     |                             no `Headers` in `header`
[INFO] [stdout] 
[INFO] [stdout] 
[INFO] [stdout] error[E0432]: unresolved imports `hyper::header::Headers`, `hyper::header::AccessControlAllowHeaders`
[INFO] [stdout]    --> src/main.rs:254:29
[INFO] [stdout]     |
[INFO] [stdout] 254 |         use hyper::header::{Headers, AccessControlAllowHeaders};
[INFO] [stdout]     |                             ^^^^^^^  ^^^^^^^^^^^^^^^^^^^^^^^^^ no `AccessControlAllowHeaders` in `header`
[INFO] [stdout]     |                             |
[INFO] [stdout]     |                             no `Headers` in `header`
[INFO] [stdout] 
[INFO] [stdout] 
[INFO] [stdout] error[E0432]: unresolved imports `hyper::header::Headers`, `hyper::header::AccessControlAllowHeaders`
[INFO] [stdout]    --> src/main.rs:267:29
[INFO] [stdout]     |
[INFO] [stdout] 267 |         use hyper::header::{Headers, AccessControlAllowHeaders};
[INFO] [stdout]     |                             ^^^^^^^  ^^^^^^^^^^^^^^^^^^^^^^^^^ no `AccessControlAllowHeaders` in `header`
[INFO] [stdout]     |                             |
[INFO] [stdout]     |                             no `Headers` in `header`
[INFO] [stdout] 
[INFO] [stdout] 
[INFO] [stdout] error[E0432]: unresolved imports `hyper::header::Headers`, `hyper::header::AccessControlAllowMethods`
[INFO] [stdout]    --> src/main.rs:286:29
[INFO] [stdout]     |
[INFO] [stdout] 286 |         use hyper::header::{Headers, AccessControlAllowMethods};
[INFO] [stdout]     |                             ^^^^^^^  ^^^^^^^^^^^^^^^^^^^^^^^^^ no `AccessControlAllowMethods` in `header`
[INFO] [stdout]     |                             |
[INFO] [stdout]     |                             no `Headers` in `header`
[INFO] [stdout] 
[INFO] [stdout] 
[INFO] [stdout] error[E0432]: unresolved import `hyper::method`
[INFO] [stdout]    --> src/main.rs:287:20
[INFO] [stdout]     |
[INFO] [stdout] 287 |         use hyper::method::Method;
[INFO] [stdout]     |                    ^^^^^^ could not find `method` in `hyper`
[INFO] [stdout] 
[INFO] [stdout] 
[INFO] [stdout] error[E0432]: unresolved imports `hyper::header::Headers`, `hyper::header::AccessControlAllowMethods`
[INFO] [stdout]    --> src/main.rs:299:29
[INFO] [stdout]     |
[INFO] [stdout] 299 |         use hyper::header::{Headers, AccessControlAllowMethods};
[INFO] [stdout]     |                             ^^^^^^^  ^^^^^^^^^^^^^^^^^^^^^^^^^ no `AccessControlAllowMethods` in `header`
[INFO] [stdout]     |                             |
[INFO] [stdout]     |                             no `Headers` in `header`
[INFO] [stdout] 
[INFO] [stdout] 
[INFO] [stdout] error[E0432]: unresolved import `hyper::method`
[INFO] [stdout]    --> src/main.rs:300:20
[INFO] [stdout]     |
[INFO] [stdout] 300 |         use hyper::method::Method;
[INFO] [stdout]     |                    ^^^^^^ could not find `method` in `hyper`
[INFO] [stdout] 
[INFO] [stdout] 
[INFO] [stdout] error[E0432]: unresolved imports `hyper::header::Headers`, `hyper::header::AccessControlAllowOrigin`
[INFO] [stdout]    --> src/main.rs:320:29
[INFO] [stdout]     |
[INFO] [stdout] 320 |         use hyper::header::{Headers, AccessControlAllowOrigin};
[INFO] [stdout]     |                             ^^^^^^^  ^^^^^^^^^^^^^^^^^^^^^^^^ no `AccessControlAllowOrigin` in `header`
[INFO] [stdout]     |                             |
[INFO] [stdout]     |                             no `Headers` in `header`
[INFO] [stdout] 
[INFO] [stdout] 
[INFO] [stdout] error[E0432]: unresolved imports `hyper::header::Headers`, `hyper::header::AccessControlAllowOrigin`
[INFO] [stdout]    --> src/main.rs:332:29
[INFO] [stdout]     |
[INFO] [stdout] 332 |         use hyper::header::{Headers, AccessControlAllowOrigin};
[INFO] [stdout]     |                             ^^^^^^^  ^^^^^^^^^^^^^^^^^^^^^^^^ no `AccessControlAllowOrigin` in `header`
[INFO] [stdout]     |                             |
[INFO] [stdout]     |                             no `Headers` in `header`
[INFO] [stdout] 
[INFO] [stdout] 
[INFO] [stdout] error[E0432]: unresolved imports `hyper::header::Headers`, `hyper::header::AccessControlAllowOrigin`
[INFO] [stdout]    --> src/main.rs:344:29
[INFO] [stdout]     |
[INFO] [stdout] 344 |         use hyper::header::{Headers, AccessControlAllowOrigin};
[INFO] [stdout]     |                             ^^^^^^^  ^^^^^^^^^^^^^^^^^^^^^^^^ no `AccessControlAllowOrigin` in `header`
[INFO] [stdout]     |                             |
[INFO] [stdout]     |                             no `Headers` in `header`
[INFO] [stdout] 
[INFO] [stdout] 
[INFO] [stdout] error[E0432]: unresolved import `hyper::Url`
[INFO] [stdout]    --> src/main.rs:345:13
[INFO] [stdout]     |
[INFO] [stdout] 345 |         use hyper::Url;
[INFO] [stdout]     |             ^^^^^^^---
[INFO] [stdout]     |             |      |
[INFO] [stdout]     |             |      help: a similar name exists in the module: `Uri`
[INFO] [stdout]     |             no `Url` in the root
[INFO] [stdout] 
[INFO] [stdout] 
[INFO] [stdout] error[E0432]: unresolved imports `hyper::header::Headers`, `hyper::header::AccessControlMaxAge`
[INFO] [stdout]    --> src/main.rs:360:29
[INFO] [stdout]     |
[INFO] [stdout] 360 |         use hyper::header::{Headers, AccessControlMaxAge};
[INFO] [stdout]     |                             ^^^^^^^  ^^^^^^^^^^^^^^^^^^^ no `AccessControlMaxAge` in `header`
[INFO] [stdout]     |                             |
[INFO] [stdout]     |                             no `Headers` in `header`
[INFO] [stdout] 
[INFO] [stdout] 
[INFO] [stdout] error[E0432]: unresolved imports `hyper::header::Headers`, `hyper::header::AccessControlRequestHeaders`
[INFO] [stdout]    --> src/main.rs:373:29
[INFO] [stdout]     |
[INFO] [stdout] 373 |         use hyper::header::{Headers, AccessControlRequestHeaders};
[INFO] [stdout]     |                             ^^^^^^^  ^^^^^^^^^^^^^^^^^^^^^^^^^^^ no `AccessControlRequestHeaders` in `header`
[INFO] [stdout]     |                             |
[INFO] [stdout]     |                             no `Headers` in `header`
[INFO] [stdout] 
[INFO] [stdout] 
[INFO] [stdout] error[E0432]: unresolved imports `hyper::header::Headers`, `hyper::header::AccessControlRequestHeaders`
[INFO] [stdout]    --> src/main.rs:386:29
[INFO] [stdout]     |
[INFO] [stdout] 386 |         use hyper::header::{Headers, AccessControlRequestHeaders};
[INFO] [stdout]     |                             ^^^^^^^  ^^^^^^^^^^^^^^^^^^^^^^^^^^^ no `AccessControlRequestHeaders` in `header`
[INFO] [stdout]     |                             |
[INFO] [stdout]     |                             no `Headers` in `header`
[INFO] [stdout] 
[INFO] [stdout] 
[INFO] [stdout] error[E0432]: unresolved imports `hyper::header::Headers`, `hyper::header::AccessControlRequestMethod`
[INFO] [stdout]    --> src/main.rs:405:29
[INFO] [stdout]     |
[INFO] [stdout] 405 |         use hyper::header::{Headers, AccessControlRequestMethod};
[INFO] [stdout]     |                             ^^^^^^^  ^^^^^^^^^^^^^^^^^^^^^^^^^^ no `AccessControlRequestMethod` in `header`
[INFO] [stdout]     |                             |
[INFO] [stdout]     |                             no `Headers` in `header`
[INFO] [stdout] 
[INFO] [stdout] 
[INFO] [stdout] error[E0432]: unresolved import `hyper::method`
[INFO] [stdout]    --> src/main.rs:406:20
[INFO] [stdout]     |
[INFO] [stdout] 406 |         use hyper::method::Method;
[INFO] [stdout]     |                    ^^^^^^ could not find `method` in `hyper`
[INFO] [stdout] 
[INFO] [stdout] 
[INFO] [stdout] error[E0432]: unresolved imports `hyper::header::Headers`, `hyper::header::Allow`
[INFO] [stdout]    --> src/main.rs:419:29
[INFO] [stdout]     |
[INFO] [stdout] 419 |         use hyper::header::{Headers, Allow};
[INFO] [stdout]     |                             ^^^^^^^  ^^^^^ no `Allow` in `header`
[INFO] [stdout]     |                             |
[INFO] [stdout]     |                             no `Headers` in `header`
[INFO] [stdout] 
[INFO] [stdout] 
[INFO] [stdout] error[E0432]: unresolved import `hyper::method`
[INFO] [stdout]    --> src/main.rs:420:20
[INFO] [stdout]     |
[INFO] [stdout] 420 |         use hyper::method::Method;
[INFO] [stdout]     |                    ^^^^^^ could not find `method` in `hyper`
[INFO] [stdout] 
[INFO] [stdout] 
[INFO] [stdout] error[E0432]: unresolved imports `hyper::header::Headers`, `hyper::header::Allow`
[INFO] [stdout]    --> src/main.rs:432:29
[INFO] [stdout]     |
[INFO] [stdout] 432 |         use hyper::header::{Headers, Allow};
[INFO] [stdout]     |                             ^^^^^^^  ^^^^^ no `Allow` in `header`
[INFO] [stdout]     |                             |
[INFO] [stdout]     |                             no `Headers` in `header`
[INFO] [stdout] 
[INFO] [stdout] 
[INFO] [stdout] error[E0432]: unresolved import `hyper::method`
[INFO] [stdout]    --> src/main.rs:433:20
[INFO] [stdout]     |
[INFO] [stdout] 433 |         use hyper::method::Method;
[INFO] [stdout]     |                    ^^^^^^ could not find `method` in `hyper`
[INFO] [stdout] 
[INFO] [stdout] 
[INFO] [stdout] error[E0432]: unresolved imports `hyper::header::Headers`, `hyper::header::Authorization`
[INFO] [stdout]    --> src/main.rs:453:29
[INFO] [stdout]     |
[INFO] [stdout] 453 |         use hyper::header::{Headers, Authorization};
[INFO] [stdout]     |                             ^^^^^^^  ^^^^^^^^^^^^^ no `Authorization` in `header`
[INFO] [stdout]     |                             |
[INFO] [stdout]     |                             no `Headers` in `header`
[INFO] [stdout] 
[INFO] [stdout] 
[INFO] [stdout] error[E0432]: unresolved imports `hyper::header::Headers`, `hyper::header::Authorization`, `hyper::header::Basic`
[INFO] [stdout]    --> src/main.rs:463:29
[INFO] [stdout]     |
[INFO] [stdout] 463 |         use hyper::header::{Headers, Authorization, Basic};
[INFO] [stdout]     |                             ^^^^^^^  ^^^^^^^^^^^^^  ^^^^^ no `Basic` in `header`
[INFO] [stdout]     |                             |        |
[INFO] [stdout]     |                             |        no `Authorization` in `header`
[INFO] [stdout]     |                             no `Headers` in `header`
[INFO] [stdout] 
[INFO] [stdout] 
[INFO] [stdout] error[E0432]: unresolved imports `hyper::header::Headers`, `hyper::header::Accept`, `hyper::header::qitem`
[INFO] [stdout]   --> src/main.rs:14:29
[INFO] [stdout]    |
[INFO] [stdout] 14 |         use hyper::header::{Headers, Accept, qitem};
[INFO] [stdout]    |                             ^^^^^^^  ^^^^^^  ^^^^^ no `qitem` in `header`
[INFO] [stdout]    |                             |        |
[INFO] [stdout]    |                             |        no `Accept` in `header`
[INFO] [stdout]    |                             no `Headers` in `header`
[INFO] [stdout] 
[INFO] [stdout] 
[INFO] [stdout] error[E0432]: unresolved import `hyper::mime`
[INFO] [stdout]   --> src/main.rs:15:20
[INFO] [stdout]    |
[INFO] [stdout] 15 |         use hyper::mime::{Mime, TopLevel, SubLevel};
[INFO] [stdout]    |                    ^^^^ could not find `mime` in `hyper`
[INFO] [stdout] 
[INFO] [stdout] 
[INFO] [stdout] error[E0432]: unresolved imports `hyper::header::Headers`, `hyper::header::Accept`, `hyper::header::qitem`
[INFO] [stdout]   --> src/main.rs:30:29
[INFO] [stdout]    |
[INFO] [stdout] 30 |         use hyper::header::{Headers, Accept, qitem};
[INFO] [stdout]    |                             ^^^^^^^  ^^^^^^  ^^^^^ no `qitem` in `header`
[INFO] [stdout]    |                             |        |
[INFO] [stdout]    |                             |        no `Accept` in `header`
[INFO] [stdout]    |                             no `Headers` in `header`
[INFO] [stdout] 
[INFO] [stdout] 
[INFO] [stdout] error[E0432]: unresolved import `hyper::mime`
[INFO] [stdout]   --> src/main.rs:31:20
[INFO] [stdout]    |
[INFO] [stdout] 31 |         use hyper::mime::{Mime, TopLevel, SubLevel, Attr, Value};
[INFO] [stdout]    |                    ^^^^ could not find `mime` in `hyper`
[INFO] [stdout] 
[INFO] [stdout] 
[INFO] [stdout] error[E0432]: unresolved imports `hyper::header::Headers`, `hyper::header::Accept`, `hyper::header::QualityItem`, `hyper::header::Quality`, `hyper::header::qitem`
[INFO] [stdout]   --> src/main.rs:46:29
[INFO] [stdout]    |
[INFO] [stdout] 46 |         use hyper::header::{Headers, Accept, QualityItem, Quality, qitem};
[INFO] [stdout]    |                             ^^^^^^^  ^^^^^^  ^^^^^^^^^^^  ^^^^^^^  ^^^^^ no `qitem` in `header`
[INFO] [stdout]    |                             |        |       |            |
[INFO] [stdout]    |                             |        |       |            no `Quality` in `header`
[INFO] [stdout]    |                             |        |       no `QualityItem` in `header`
[INFO] [stdout]    |                             |        no `Accept` in `header`
[INFO] [stdout]    |                             no `Headers` in `header`
[INFO] [stdout] 
[INFO] [stdout] 
[INFO] [stdout] error[E0432]: unresolved import `hyper::mime`
[INFO] [stdout]   --> src/main.rs:47:20
[INFO] [stdout]    |
[INFO] [stdout] 47 |         use hyper::mime::{Mime, TopLevel, SubLevel};
[INFO] [stdout]    |                    ^^^^ could not find `mime` in `hyper`
[INFO] [stdout] 
[INFO] [stdout] 
[INFO] [stdout] error[E0432]: unresolved imports `hyper::header::Headers`, `hyper::header::AcceptCharset`, `hyper::header::Charset`, `hyper::header::qitem`
[INFO] [stdout]   --> src/main.rs:71:29
[INFO] [stdout]    |
[INFO] [stdout] 71 |         use hyper::header::{Headers, AcceptCharset, Charset, qitem};
[INFO] [stdout]    |                             ^^^^^^^  ^^^^^^^^^^^^^  ^^^^^^^  ^^^^^ no `qitem` in `header`
[INFO] [stdout]    |                             |        |              |
[INFO] [stdout]    |                             |        |              no `Charset` in `header`
[INFO] [stdout]    |                             |        no `AcceptCharset` in `header`
[INFO] [stdout]    |                             no `Headers` in `header`
[INFO] [stdout] 
[INFO] [stdout] 
[INFO] [stdout] error[E0432]: unresolved imports `hyper::header::Headers`, `hyper::header::AcceptCharset`, `hyper::header::Charset`, `hyper::header::Quality`, `hyper::header::QualityItem`
[INFO] [stdout]   --> src/main.rs:83:29
[INFO] [stdout]    |
[INFO] [stdout] 83 |         use hyper::header::{Headers, AcceptCharset, Charset, Quality, QualityItem};
[INFO] [stdout]    |                             ^^^^^^^  ^^^^^^^^^^^^^  ^^^^^^^  ^^^^^^^  ^^^^^^^^^^^ no `QualityItem` in `header`
[INFO] [stdout]    |                             |        |              |        |
[INFO] [stdout]    |                             |        |              |        no `Quality` in `header`
[INFO] [stdout]    |                             |        |              no `Charset` in `header`
[INFO] [stdout]    |                             |        no `AcceptCharset` in `header`
[INFO] [stdout]    |                             no `Headers` in `header`
[INFO] [stdout] 
[INFO] [stdout] 
[INFO] [stdout] error[E0432]: unresolved imports `hyper::header::Headers`, `hyper::header::AcceptCharset`, `hyper::header::Charset`, `hyper::header::qitem`
[INFO] [stdout]   --> src/main.rs:98:29
[INFO] [stdout]    |
[INFO] [stdout] 98 |         use hyper::header::{Headers, AcceptCharset, Charset, qitem};
[INFO] [stdout]    |                             ^^^^^^^  ^^^^^^^^^^^^^  ^^^^^^^  ^^^^^ no `qitem` in `header`
[INFO] [stdout]    |                             |        |              |
[INFO] [stdout]    |                             |        |              no `Charset` in `header`
[INFO] [stdout]    |                             |        no `AcceptCharset` in `header`
[INFO] [stdout]    |                             no `Headers` in `header`
[INFO] [stdout] 
[INFO] [stdout] 
[INFO] [stdout] error[E0432]: unresolved imports `hyper::header::Headers`, `hyper::header::CacheControl`, `hyper::header::CacheDirective`
[INFO] [stdout]    --> src/main.rs:483:29
[INFO] [stdout]     |
[INFO] [stdout] 483 |         use hyper::header::{Headers, CacheControl, CacheDirective};
[INFO] [stdout]     |                             ^^^^^^^  ^^^^^^^^^^^^  ^^^^^^^^^^^^^^ no `CacheDirective` in `header`
[INFO] [stdout]     |                             |        |
[INFO] [stdout]     |                             |        no `CacheControl` in `header`
[INFO] [stdout]     |                             no `Headers` in `header`
[INFO] [stdout] 
[INFO] [stdout] 
[INFO] [stdout] error[E0432]: unresolved imports `hyper::header::Headers`, `hyper::header::CacheControl`, `hyper::header::CacheDirective`
[INFO] [stdout]    --> src/main.rs:495:29
[INFO] [stdout]     |
[INFO] [stdout] 495 |         use hyper::header::{Headers, CacheControl, CacheDirective};
[INFO] [stdout]     |                             ^^^^^^^  ^^^^^^^^^^^^  ^^^^^^^^^^^^^^ no `CacheDirective` in `header`
[INFO] [stdout]     |                             |        |
[INFO] [stdout]     |                             |        no `CacheControl` in `header`
[INFO] [stdout]     |                             no `Headers` in `header`
[INFO] [stdout] 
[INFO] [stdout] 
[INFO] [stdout] error[E0432]: unresolved imports `hyper::header::Headers`, `hyper::header::Connection`
[INFO] [stdout]    --> src/main.rs:516:29
[INFO] [stdout]     |
[INFO] [stdout] 516 |         use hyper::header::{Headers, Connection};
[INFO] [stdout]     |                             ^^^^^^^  ^^^^^^^^^^ no `Connection` in `header`
[INFO] [stdout]     |                             |
[INFO] [stdout]     |                             no `Headers` in `header`
[INFO] [stdout] 
[INFO] [stdout] 
[INFO] [stdout] error[E0432]: unresolved imports `hyper::header::Headers`, `hyper::header::Connection`, `hyper::header::ConnectionOption`
[INFO] [stdout]    --> src/main.rs:526:29
[INFO] [stdout]     |
[INFO] [stdout] 526 |         use hyper::header::{Headers, Connection, ConnectionOption};
[INFO] [stdout]     |                             ^^^^^^^  ^^^^^^^^^^  ^^^^^^^^^^^^^^^^ no `ConnectionOption` in `header`
[INFO] [stdout]     |                             |        |
[INFO] [stdout]     |                             |        no `Connection` in `header`
[INFO] [stdout]     |                             no `Headers` in `header`
[INFO] [stdout] 
[INFO] [stdout] 
[INFO] [stdout] error[E0432]: unresolved imports `hyper::header::Headers`, `hyper::header::ContentEncoding`, `hyper::header::Encoding`
[INFO] [stdout]    --> src/main.rs:544:29
[INFO] [stdout]     |
[INFO] [stdout] 544 |         use hyper::header::{Headers, ContentEncoding, Encoding};
[INFO] [stdout]     |                             ^^^^^^^  ^^^^^^^^^^^^^^^  ^^^^^^^^ no `Encoding` in `header`
[INFO] [stdout]     |                             |        |
[INFO] [stdout]     |                             |        no `ContentEncoding` in `header`
[INFO] [stdout]     |                             no `Headers` in `header`
[INFO] [stdout] 
[INFO] [stdout] 
[INFO] [stdout] error[E0432]: unresolved imports `hyper::header::Headers`, `hyper::header::ContentEncoding`, `hyper::header::Encoding`
[INFO] [stdout]    --> src/main.rs:554:29
[INFO] [stdout]     |
[INFO] [stdout] 554 |         use hyper::header::{Headers, ContentEncoding, Encoding};
[INFO] [stdout]     |                             ^^^^^^^  ^^^^^^^^^^^^^^^  ^^^^^^^^ no `Encoding` in `header`
[INFO] [stdout]     |                             |        |
[INFO] [stdout]     |                             |        no `ContentEncoding` in `header`
[INFO] [stdout]     |                             no `Headers` in `header`
[INFO] [stdout] 
[INFO] [stdout] 
[INFO] [stdout] error[E0432]: unresolved imports `hyper::header::Headers`, `hyper::header::ContentLanguage`, `hyper::header::Language`, `hyper::header::qitem`
[INFO] [stdout]    --> src/main.rs:572:29
[INFO] [stdout]     |
[INFO] [stdout] 572 |         use hyper::header::{Headers, ContentLanguage, Language, qitem};
[INFO] [stdout]     |                             ^^^^^^^  ^^^^^^^^^^^^^^^  ^^^^^^^^  ^^^^^ no `qitem` in `header`
[INFO] [stdout]     |                             |        |                |
[INFO] [stdout]     |                             |        |                no `Language` in `header`
[INFO] [stdout]     |                             |        no `ContentLanguage` in `header`
[INFO] [stdout]     |                             no `Headers` in `header`
[INFO] [stdout] 
[INFO] [stdout] 
[INFO] [stdout] error[E0432]: unresolved imports `hyper::header::Headers`, `hyper::header::ContentLanguage`, `hyper::header::Language`, `hyper::header::qitem`
[INFO] [stdout]    --> src/main.rs:591:29
[INFO] [stdout]     |
[INFO] [stdout] 591 |         use hyper::header::{Headers, ContentLanguage, Language, qitem};
[INFO] [stdout]     |                             ^^^^^^^  ^^^^^^^^^^^^^^^  ^^^^^^^^  ^^^^^ no `qitem` in `header`
[INFO] [stdout]     |                             |        |                |
[INFO] [stdout]     |                             |        |                no `Language` in `header`
[INFO] [stdout]     |                             |        no `ContentLanguage` in `header`
[INFO] [stdout]     |                             no `Headers` in `header`
[INFO] [stdout] 
[INFO] [stdout] 
[INFO] [stdout] error[E0432]: unresolved imports `hyper::header::Headers`, `hyper::header::ContentLength`
[INFO] [stdout]    --> src/main.rs:619:29
[INFO] [stdout]     |
[INFO] [stdout] 619 |         use hyper::header::{Headers, ContentLength};
[INFO] [stdout]     |                             ^^^^^^^  ^^^^^^^^^^^^^ no `ContentLength` in `header`
[INFO] [stdout]     |                             |
[INFO] [stdout]     |                             no `Headers` in `header`
[INFO] [stdout] 
[INFO] [stdout] 
[INFO] [stdout] error[E0432]: unresolved imports `hyper::header::Headers`, `hyper::header::ContentType`
[INFO] [stdout]    --> src/main.rs:632:29
[INFO] [stdout]     |
[INFO] [stdout] 632 |         use hyper::header::{Headers, ContentType};
[INFO] [stdout]     |                             ^^^^^^^  ^^^^^^^^^^^ no `ContentType` in `header`
[INFO] [stdout]     |                             |
[INFO] [stdout]     |                             no `Headers` in `header`
[INFO] [stdout] 
[INFO] [stdout] 
[INFO] [stdout] error[E0432]: unresolved import `hyper::mime`
[INFO] [stdout]    --> src/main.rs:633:20
[INFO] [stdout]     |
[INFO] [stdout] 633 |         use hyper::mime::{Mime, TopLevel, SubLevel};
[INFO] [stdout]     |                    ^^^^ could not find `mime` in `hyper`
[INFO] [stdout] 
[INFO] [stdout] 
[INFO] [stdout] error[E0432]: unresolved imports `hyper::header::Headers`, `hyper::header::ContentType`
[INFO] [stdout]    --> src/main.rs:646:29
[INFO] [stdout]     |
[INFO] [stdout] 646 |         use hyper::header::{Headers, ContentType};
[INFO] [stdout]     |                             ^^^^^^^  ^^^^^^^^^^^ no `ContentType` in `header`
[INFO] [stdout]     |                             |
[INFO] [stdout]     |                             no `Headers` in `header`
[INFO] [stdout] 
[INFO] [stdout] 
[INFO] [stdout] error[E0432]: unresolved import `hyper::mime`
[INFO] [stdout]    --> src/main.rs:647:20
[INFO] [stdout]     |
[INFO] [stdout] 647 |         use hyper::mime::{Mime, TopLevel, SubLevel, Attr, Value};
[INFO] [stdout]     |                    ^^^^ could not find `mime` in `hyper`
[INFO] [stdout] 
[INFO] [stdout] 
[INFO] [stdout] error[E0432]: unresolved imports `hyper::header::Headers`, `hyper::header::Cookie`
[INFO] [stdout]    --> src/main.rs:664:29
[INFO] [stdout]     |
[INFO] [stdout] 664 |         use hyper::header::{Headers, Cookie};
[INFO] [stdout]     |                             ^^^^^^^  ^^^^^^ no `Cookie` in `header`
[INFO] [stdout]     |                             |
[INFO] [stdout]     |                             no `Headers` in `header`
[INFO] [stdout] 
[INFO] [stdout] 
[INFO] [stdout] error[E0432]: unresolved imports `hyper::header::Headers`, `hyper::header::Date`, `hyper::header::HttpDate`
[INFO] [stdout]    --> src/main.rs:683:29
[INFO] [stdout]     |
[INFO] [stdout] 683 |         use hyper::header::{Headers, Date, HttpDate};
[INFO] [stdout]     |                             ^^^^^^^  ^^^^  ^^^^^^^^ no `HttpDate` in `header`
[INFO] [stdout]     |                             |        |
[INFO] [stdout]     |                             |        no `Date` in `header`
[INFO] [stdout]     |                             no `Headers` in `header`
[INFO] [stdout] 
[INFO] [stdout] 
[INFO] [stdout] error[E0432]: unresolved imports `hyper::header::Headers`, `hyper::header::ETag`, `hyper::header::EntityTag`
[INFO] [stdout]    --> src/main.rs:697:29
[INFO] [stdout]     |
[INFO] [stdout] 697 |         use hyper::header::{Headers, ETag, EntityTag};
[INFO] [stdout]     |                             ^^^^^^^  ^^^^  ^^^^^^^^^ no `EntityTag` in `header`
[INFO] [stdout]     |                             |        |
[INFO] [stdout]     |                             |        no `ETag` in `header`
[INFO] [stdout]     |                             no `Headers` in `header`
[INFO] [stdout] 
[INFO] [stdout] 
[INFO] [stdout] error[E0432]: unresolved imports `hyper::header::Headers`, `hyper::header::ETag`, `hyper::header::EntityTag`
[INFO] [stdout]    --> src/main.rs:707:29
[INFO] [stdout]     |
[INFO] [stdout] 707 |         use hyper::header::{Headers, ETag, EntityTag};
[INFO] [stdout]     |                             ^^^^^^^  ^^^^  ^^^^^^^^^ no `EntityTag` in `header`
[INFO] [stdout]     |                             |        |
[INFO] [stdout]     |                             |        no `ETag` in `header`
[INFO] [stdout]     |                             no `Headers` in `header`
[INFO] [stdout] 
[INFO] [stdout] 
[INFO] [stdout] error[E0432]: unresolved imports `hyper::header::Headers`, `hyper::header::Expect`
[INFO] [stdout]    --> src/main.rs:720:29
[INFO] [stdout]     |
[INFO] [stdout] 720 |         use hyper::header::{Headers, Expect};
[INFO] [stdout]     |                             ^^^^^^^  ^^^^^^ no `Expect` in `header`
[INFO] [stdout]     |                             |
[INFO] [stdout]     |                             no `Headers` in `header`
[INFO] [stdout] 
[INFO] [stdout] 
[INFO] [stdout] error[E0432]: unresolved imports `hyper::header::Headers`, `hyper::header::AcceptEncoding`, `hyper::header::Encoding`, `hyper::header::qitem`
[INFO] [stdout]    --> src/main.rs:113:29
[INFO] [stdout]     |
[INFO] [stdout] 113 |         use hyper::header::{Headers, AcceptEncoding, Encoding, qitem};
[INFO] [stdout]     |                             ^^^^^^^  ^^^^^^^^^^^^^^  ^^^^^^^^  ^^^^^ no `qitem` in `header`
[INFO] [stdout]     |                             |        |               |
[INFO] [stdout]     |                             |        |               no `Encoding` in `header`
[INFO] [stdout]     |                             |        no `AcceptEncoding` in `header`
[INFO] [stdout]     |                             no `Headers` in `header`
[INFO] [stdout] 
[INFO] [stdout] 
[INFO] [stdout] error[E0432]: unresolved imports `hyper::header::Headers`, `hyper::header::Expires`, `hyper::header::HttpDate`
[INFO] [stdout]    --> src/main.rs:733:29
[INFO] [stdout]     |
[INFO] [stdout] 733 |         use hyper::header::{Headers, Expires, HttpDate};
[INFO] [stdout]     |                             ^^^^^^^  ^^^^^^^  ^^^^^^^^ no `HttpDate` in `header`
[INFO] [stdout]     |                             |        |
[INFO] [stdout]     |                             |        no `Expires` in `header`
[INFO] [stdout]     |                             no `Headers` in `header`
[INFO] [stdout] 
[INFO] [stdout] 
[INFO] [stdout] error[E0432]: unresolved imports `hyper::header::Headers`, `hyper::header::AcceptEncoding`, `hyper::header::Encoding`, `hyper::header::qitem`
[INFO] [stdout]    --> src/main.rs:125:29
[INFO] [stdout]     |
[INFO] [stdout] 125 |         use hyper::header::{Headers, AcceptEncoding, Encoding, qitem};
[INFO] [stdout]     |                             ^^^^^^^  ^^^^^^^^^^^^^^  ^^^^^^^^  ^^^^^ no `qitem` in `header`
[INFO] [stdout]     |                             |        |               |
[INFO] [stdout]     |                             |        |               no `Encoding` in `header`
[INFO] [stdout]     |                             |        no `AcceptEncoding` in `header`
[INFO] [stdout]     |                             no `Headers` in `header`
[INFO] [stdout] 
[INFO] [stdout] 
[INFO] [stdout] error[E0432]: unresolved imports `hyper::header::Headers`, `hyper::header::From`
[INFO] [stdout]    --> src/main.rs:747:29
[INFO] [stdout]     |
[INFO] [stdout] 747 |         use hyper::header::{Headers, From};
[INFO] [stdout]     |                             ^^^^^^^  ^^^^ no `From` in `header`
[INFO] [stdout]     |                             |
[INFO] [stdout]     |                             no `Headers` in `header`
[INFO] [stdout] 
[INFO] [stdout] 
[INFO] [stdout] error[E0432]: unresolved imports `hyper::header::Headers`, `hyper::header::Host`
[INFO] [stdout]    --> src/main.rs:760:29
[INFO] [stdout]     |
[INFO] [stdout] 760 |         use hyper::header::{Headers, Host};
[INFO] [stdout]     |                             ^^^^^^^  ^^^^ no `Host` in `header`
[INFO] [stdout]     |                             |
[INFO] [stdout]     |                             no `Headers` in `header`
[INFO] [stdout] 
[INFO] [stdout] 
[INFO] [stdout] error[E0432]: unresolved imports `hyper::header::Headers`, `hyper::header::AcceptEncoding`, `hyper::header::Encoding`, `hyper::header::QualityItem`, `hyper::header::Quality`, `hyper::header::qitem`
[INFO] [stdout]    --> src/main.rs:141:29
[INFO] [stdout]     |
[INFO] [stdout] 141 |         use hyper::header::{Headers, AcceptEncoding, Encoding, QualityItem, Quality, qitem};
[INFO] [stdout]     |                             ^^^^^^^  ^^^^^^^^^^^^^^  ^^^^^^^^  ^^^^^^^^^^^  ^^^^^^^  ^^^^^ no `qitem` in `header`
[INFO] [stdout]     |                             |        |               |         |            |
[INFO] [stdout]     |                             |        |               |         |            no `Quality` in `header`
[INFO] [stdout]     |                             |        |               |         no `QualityItem` in `header`
[INFO] [stdout]     |                             |        |               no `Encoding` in `header`
[INFO] [stdout]     |                             |        no `AcceptEncoding` in `header`
[INFO] [stdout]     |                             no `Headers` in `header`
[INFO] [stdout] 
[INFO] [stdout] 
[INFO] [stdout] error[E0432]: unresolved imports `hyper::header::Headers`, `hyper::header::Host`
[INFO] [stdout]    --> src/main.rs:775:29
[INFO] [stdout]     |
[INFO] [stdout] 775 |         use hyper::header::{Headers, Host};
[INFO] [stdout]     |                             ^^^^^^^  ^^^^ no `Host` in `header`
[INFO] [stdout]     |                             |
[INFO] [stdout]     |                             no `Headers` in `header`
[INFO] [stdout] 
[INFO] [stdout] 
[INFO] [stdout] error[E0432]: unresolved imports `hyper::header::Headers`, `hyper::header::IfMatch`
[INFO] [stdout]    --> src/main.rs:793:29
[INFO] [stdout]     |
[INFO] [stdout] 793 |         use hyper::header::{Headers, IfMatch};
[INFO] [stdout]     |                             ^^^^^^^  ^^^^^^^ no `IfMatch` in `header`
[INFO] [stdout]     |                             |
[INFO] [stdout]     |                             no `Headers` in `header`
[INFO] [stdout] 
[INFO] [stdout] 
[INFO] [stdout] error[E0432]: unresolved imports `hyper::header::Headers`, `hyper::header::AcceptLanguage`, `hyper::header::Language`, `hyper::header::qitem`
[INFO] [stdout]    --> src/main.rs:160:29
[INFO] [stdout]     |
[INFO] [stdout] 160 |         use hyper::header::{Headers, AcceptLanguage, Language, qitem};
[INFO] [stdout]     |                             ^^^^^^^  ^^^^^^^^^^^^^^  ^^^^^^^^  ^^^^^ no `qitem` in `header`
[INFO] [stdout]     |                             |        |               |
[INFO] [stdout]     |                             |        |               no `Language` in `header`
[INFO] [stdout]     |                             |        no `AcceptLanguage` in `header`
[INFO] [stdout]     |                             no `Headers` in `header`
[INFO] [stdout] 
[INFO] [stdout] 
[INFO] [stdout] error[E0432]: unresolved imports `hyper::header::Headers`, `hyper::header::IfMatch`, `hyper::header::EntityTag`
[INFO] [stdout]    --> src/main.rs:803:29
[INFO] [stdout]     |
[INFO] [stdout] 803 |         use hyper::header::{Headers, IfMatch, EntityTag};
[INFO] [stdout]     |                             ^^^^^^^  ^^^^^^^  ^^^^^^^^^ no `EntityTag` in `header`
[INFO] [stdout]     |                             |        |
[INFO] [stdout]     |                             |        no `IfMatch` in `header`
[INFO] [stdout]     |                             no `Headers` in `header`
[INFO] [stdout] 
[INFO] [stdout] 
[INFO] [stdout] error[E0432]: unresolved imports `hyper::header::Headers`, `hyper::header::AcceptLanguage`, `hyper::header::Language`, `hyper::header::QualityItem`, `hyper::header::Quality`, `hyper::header::qitem`
[INFO] [stdout]    --> src/main.rs:179:29
[INFO] [stdout]     |
[INFO] [stdout] 179 |         use hyper::header::{Headers, AcceptLanguage, Language, QualityItem, Quality, qitem};
[INFO] [stdout]     |                             ^^^^^^^  ^^^^^^^^^^^^^^  ^^^^^^^^  ^^^^^^^^^^^  ^^^^^^^  ^^^^^ no `qitem` in `header`
[INFO] [stdout]     |                             |        |               |         |            |
[INFO] [stdout]     |                             |        |               |         |            no `Quality` in `header`
[INFO] [stdout]     |                             |        |               |         no `QualityItem` in `header`
[INFO] [stdout]     |                             |        |               no `Language` in `header`
[INFO] [stdout]     |                             |        no `AcceptLanguage` in `header`
[INFO] [stdout]     |                             no `Headers` in `header`
[INFO] [stdout] 
[INFO] [stdout] 
[INFO] [stdout] error[E0432]: unresolved imports `hyper::header::Headers`, `hyper::header::IfModifiedSince`, `hyper::header::HttpDate`
[INFO] [stdout]    --> src/main.rs:822:29
[INFO] [stdout]     |
[INFO] [stdout] 822 |         use hyper::header::{Headers, IfModifiedSince, HttpDate};
[INFO] [stdout]     |                             ^^^^^^^  ^^^^^^^^^^^^^^^  ^^^^^^^^ no `HttpDate` in `header`
[INFO] [stdout]     |                             |        |
[INFO] [stdout]     |                             |        no `IfModifiedSince` in `header`
[INFO] [stdout]     |                             no `Headers` in `header`
[INFO] [stdout] 
[INFO] [stdout] 
[INFO] [stdout] error[E0432]: unresolved imports `hyper::header::Headers`, `hyper::header::AcceptRanges`, `hyper::header::RangeUnit`
[INFO] [stdout]    --> src/main.rs:214:29
[INFO] [stdout]     |
[INFO] [stdout] 214 |         use hyper::header::{Headers, AcceptRanges, RangeUnit};
[INFO] [stdout]     |                             ^^^^^^^  ^^^^^^^^^^^^  ^^^^^^^^^ no `RangeUnit` in `header`
[INFO] [stdout]     |                             |        |
[INFO] [stdout]     |                             |        no `AcceptRanges` in `header`
[INFO] [stdout]     |                             no `Headers` in `header`
[INFO] [stdout] 
[INFO] [stdout] 
[INFO] [stdout] error[E0432]: unresolved imports `hyper::header::Headers`, `hyper::header::IfNoneMatch`
[INFO] [stdout]    --> src/main.rs:836:29
[INFO] [stdout]     |
[INFO] [stdout] 836 |         use hyper::header::{Headers, IfNoneMatch};
[INFO] [stdout]     |                             ^^^^^^^  ^^^^^^^^^^^ no `IfNoneMatch` in `header`
[INFO] [stdout]     |                             |
[INFO] [stdout]     |                             no `Headers` in `header`
[INFO] [stdout] 
[INFO] [stdout] 
[INFO] [stdout] error[E0432]: unresolved imports `hyper::header::Headers`, `hyper::header::AcceptRanges`, `hyper::header::RangeUnit`
[INFO] [stdout]    --> src/main.rs:224:29
[INFO] [stdout]     |
[INFO] [stdout] 224 |         use hyper::header::{Headers, AcceptRanges, RangeUnit};
[INFO] [stdout]     |                             ^^^^^^^  ^^^^^^^^^^^^  ^^^^^^^^^ no `RangeUnit` in `header`
[INFO] [stdout]     |                             |        |
[INFO] [stdout]     |                             |        no `AcceptRanges` in `header`
[INFO] [stdout]     |                             no `Headers` in `header`
[INFO] [stdout] 
[INFO] [stdout] 
[INFO] [stdout] error[E0432]: unresolved imports `hyper::header::Headers`, `hyper::header::IfNoneMatch`, `hyper::header::EntityTag`
[INFO] [stdout]    --> src/main.rs:846:29
[INFO] [stdout]     |
[INFO] [stdout] 846 |         use hyper::header::{Headers, IfNoneMatch, EntityTag};
[INFO] [stdout]     |                             ^^^^^^^  ^^^^^^^^^^^  ^^^^^^^^^ no `EntityTag` in `header`
[INFO] [stdout]     |                             |        |
[INFO] [stdout]     |                             |        no `IfNoneMatch` in `header`
[INFO] [stdout]     |                             no `Headers` in `header`
[INFO] [stdout] 
[INFO] [stdout] 
[INFO] [stdout] error[E0432]: unresolved imports `hyper::header::Headers`, `hyper::header::AcceptRanges`, `hyper::header::RangeUnit`
[INFO] [stdout]    --> src/main.rs:234:29
[INFO] [stdout]     |
[INFO] [stdout] 234 |         use hyper::header::{Headers, AcceptRanges, RangeUnit};
[INFO] [stdout]     |                             ^^^^^^^  ^^^^^^^^^^^^  ^^^^^^^^^ no `RangeUnit` in `header`
[INFO] [stdout]     |                             |        |
[INFO] [stdout]     |                             |        no `AcceptRanges` in `header`
[INFO] [stdout]     |                             no `Headers` in `header`
[INFO] [stdout] 
[INFO] [stdout] 
[INFO] [stdout] error[E0432]: unresolved imports `hyper::header::Headers`, `hyper::header::IfRange`, `hyper::header::HttpDate`
[INFO] [stdout]    --> src/main.rs:865:29
[INFO] [stdout]     |
[INFO] [stdout] 865 |         use hyper::header::{Headers, IfRange, HttpDate};
[INFO] [stdout]     |                             ^^^^^^^  ^^^^^^^  ^^^^^^^^ no `HttpDate` in `header`
[INFO] [stdout]     |                             |        |
[INFO] [stdout]     |                             |        no `IfRange` in `header`
[INFO] [stdout]     |                             no `Headers` in `header`
[INFO] [stdout] 
[INFO] [stdout] 
[INFO] [stdout] error[E0432]: unresolved imports `hyper::header::Headers`, `hyper::header::IfRange`, `hyper::header::EntityTag`
[INFO] [stdout]    --> src/main.rs:876:29
[INFO] [stdout]     |
[INFO] [stdout] 876 |         use hyper::header::{Headers, IfRange, EntityTag};
[INFO] [stdout]     |                             ^^^^^^^  ^^^^^^^  ^^^^^^^^^ no `EntityTag` in `header`
[INFO] [stdout]     |                             |        |
[INFO] [stdout]     |                             |        no `IfRange` in `header`
[INFO] [stdout]     |                             no `Headers` in `header`
[INFO] [stdout] 
[INFO] [stdout] 
[INFO] [stdout] error[E0432]: unresolved imports `hyper::header::Headers`, `hyper::header::AccessControlAllowHeaders`
[INFO] [stdout]    --> src/main.rs:254:29
[INFO] [stdout]     |
[INFO] [stdout] 254 |         use hyper::header::{Headers, AccessControlAllowHeaders};
[INFO] [stdout]     |                             ^^^^^^^  ^^^^^^^^^^^^^^^^^^^^^^^^^ no `AccessControlAllowHeaders` in `header`
[INFO] [stdout]     |                             |
[INFO] [stdout]     |                             no `Headers` in `header`
[INFO] [stdout] 
[INFO] [stdout] 
[INFO] [stdout] error[E0432]: unresolved imports `hyper::header::Headers`, `hyper::header::AccessControlAllowHeaders`
[INFO] [stdout]    --> src/main.rs:267:29
[INFO] [stdout]     |
[INFO] [stdout] 267 |         use hyper::header::{Headers, AccessControlAllowHeaders};
[INFO] [stdout]     |                             ^^^^^^^  ^^^^^^^^^^^^^^^^^^^^^^^^^ no `AccessControlAllowHeaders` in `header`
[INFO] [stdout]     |                             |
[INFO] [stdout]     |                             no `Headers` in `header`
[INFO] [stdout] 
[INFO] [stdout] 
[INFO] [stdout] error[E0432]: unresolved imports `hyper::header::Headers`, `hyper::header::IfUnmodifiedSince`, `hyper::header::HttpDate`
[INFO] [stdout]    --> src/main.rs:889:29
[INFO] [stdout]     |
[INFO] [stdout] 889 |         use hyper::header::{Headers, IfUnmodifiedSince, HttpDate};
[INFO] [stdout]     |                             ^^^^^^^  ^^^^^^^^^^^^^^^^^  ^^^^^^^^ no `HttpDate` in `header`
[INFO] [stdout]     |                             |        |
[INFO] [stdout]     |                             |        no `IfUnmodifiedSince` in `header`
[INFO] [stdout]     |                             no `Headers` in `header`
[INFO] [stdout] 
[INFO] [stdout] 
[INFO] [stdout] error[E0432]: unresolved imports `hyper::header::Headers`, `hyper::header::AccessControlAllowMethods`
[INFO] [stdout]    --> src/main.rs:286:29
[INFO] [stdout]     |
[INFO] [stdout] 286 |         use hyper::header::{Headers, AccessControlAllowMethods};
[INFO] [stdout]     |                             ^^^^^^^  ^^^^^^^^^^^^^^^^^^^^^^^^^ no `AccessControlAllowMethods` in `header`
[INFO] [stdout]     |                             |
[INFO] [stdout]     |                             no `Headers` in `header`
[INFO] [stdout] 
[INFO] [stdout] 
[INFO] [stdout] error[E0432]: unresolved imports `hyper::header::Headers`, `hyper::header::LastModified`, `hyper::header::HttpDate`
[INFO] [stdout]    --> src/main.rs:903:29
[INFO] [stdout]     |
[INFO] [stdout] 903 |         use hyper::header::{Headers, LastModified, HttpDate};
[INFO] [stdout]     |                             ^^^^^^^  ^^^^^^^^^^^^  ^^^^^^^^ no `HttpDate` in `header`
[INFO] [stdout]     |                             |        |
[INFO] [stdout]     |                             |        no `LastModified` in `header`
[INFO] [stdout]     |                             no `Headers` in `header`
[INFO] [stdout] 
[INFO] [stdout] 
[INFO] [stdout] error[E0432]: unresolved import `hyper::method`
[INFO] [stdout]    --> src/main.rs:287:20
[INFO] [stdout]     |
[INFO] [stdout] 287 |         use hyper::method::Method;
[INFO] [stdout]     |                    ^^^^^^ could not find `method` in `hyper`
[INFO] [stdout] 
[INFO] [stdout] 
[INFO] [stdout] error[E0432]: unresolved imports `hyper::header::Headers`, `hyper::header::Location`
[INFO] [stdout]    --> src/main.rs:917:29
[INFO] [stdout]     |
[INFO] [stdout] 917 |         use hyper::header::{Headers, Location};
[INFO] [stdout]     |                             ^^^^^^^  ^^^^^^^^ no `Location` in `header`
[INFO] [stdout]     |                             |
[INFO] [stdout]     |                             no `Headers` in `header`
[INFO] [stdout] 
[INFO] [stdout] 
[INFO] [stdout] error[E0432]: unresolved imports `hyper::header::Headers`, `hyper::header::AccessControlAllowMethods`
[INFO] [stdout]    --> src/main.rs:299:29
[INFO] [stdout]     |
[INFO] [stdout] 299 |         use hyper::header::{Headers, AccessControlAllowMethods};
[INFO] [stdout]     |                             ^^^^^^^  ^^^^^^^^^^^^^^^^^^^^^^^^^ no `AccessControlAllowMethods` in `header`
[INFO] [stdout]     |                             |
[INFO] [stdout]     |                             no `Headers` in `header`
[INFO] [stdout] 
[INFO] [stdout] 
[INFO] [stdout] error[E0432]: unresolved import `hyper::method`
[INFO] [stdout]    --> src/main.rs:300:20
[INFO] [stdout]     |
[INFO] [stdout] 300 |         use hyper::method::Method;
[INFO] [stdout]     |                    ^^^^^^ could not find `method` in `hyper`
[INFO] [stdout] 
[INFO] [stdout] 
[INFO] [stdout] error[E0432]: unresolved imports `hyper::header::Headers`, `hyper::header::Location`
[INFO] [stdout]    --> src/main.rs:927:29
[INFO] [stdout]     |
[INFO] [stdout] 927 |         use hyper::header::{Headers, Location};
[INFO] [stdout]     |                             ^^^^^^^  ^^^^^^^^ no `Location` in `header`
[INFO] [stdout]     |                             |
[INFO] [stdout]     |                             no `Headers` in `header`
[INFO] [stdout] 
[INFO] [stdout] 
[INFO] [stdout] error[E0432]: unresolved imports `hyper::header::Headers`, `hyper::header::AccessControlAllowOrigin`
[INFO] [stdout]    --> src/main.rs:320:29
[INFO] [stdout]     |
[INFO] [stdout] 320 |         use hyper::header::{Headers, AccessControlAllowOrigin};
[INFO] [stdout]     |                             ^^^^^^^  ^^^^^^^^^^^^^^^^^^^^^^^^ no `AccessControlAllowOrigin` in `header`
[INFO] [stdout]     |                             |
[INFO] [stdout]     |                             no `Headers` in `header`
[INFO] [stdout] 
[INFO] [stdout] 
[INFO] [stdout] error[E0432]: unresolved imports `hyper::header::Headers`, `hyper::header::Pragma`
[INFO] [stdout]    --> src/main.rs:940:29
[INFO] [stdout]     |
[INFO] [stdout] 940 |         use hyper::header::{Headers, Pragma};
[INFO] [stdout]     |                             ^^^^^^^  ^^^^^^ no `Pragma` in `header`
[INFO] [stdout]     |                             |
[INFO] [stdout]     |                             no `Headers` in `header`
[INFO] [stdout] 
[INFO] [stdout] 
[INFO] [stdout] error[E0432]: unresolved imports `hyper::header::Headers`, `hyper::header::AccessControlAllowOrigin`
[INFO] [stdout]    --> src/main.rs:332:29
[INFO] [stdout]     |
[INFO] [stdout] 332 |         use hyper::header::{Headers, AccessControlAllowOrigin};
[INFO] [stdout]     |                             ^^^^^^^  ^^^^^^^^^^^^^^^^^^^^^^^^ no `AccessControlAllowOrigin` in `header`
[INFO] [stdout]     |                             |
[INFO] [stdout]     |                             no `Headers` in `header`
[INFO] [stdout] 
[INFO] [stdout] 
[INFO] [stdout] error[E0432]: unresolved imports `hyper::header::Headers`, `hyper::header::Pragma`
[INFO] [stdout]    --> src/main.rs:950:29
[INFO] [stdout]     |
[INFO] [stdout] 950 |         use hyper::header::{Headers, Pragma};
[INFO] [stdout]     |                             ^^^^^^^  ^^^^^^ no `Pragma` in `header`
[INFO] [stdout]     |                             |
[INFO] [stdout]     |                             no `Headers` in `header`
[INFO] [stdout] 
[INFO] [stdout] 
[INFO] [stdout] error[E0432]: unresolved imports `hyper::header::Headers`, `hyper::header::AccessControlAllowOrigin`
[INFO] [stdout]    --> src/main.rs:344:29
[INFO] [stdout]     |
[INFO] [stdout] 344 |         use hyper::header::{Headers, AccessControlAllowOrigin};
[INFO] [stdout]     |                             ^^^^^^^  ^^^^^^^^^^^^^^^^^^^^^^^^ no `AccessControlAllowOrigin` in `header`
[INFO] [stdout]     |                             |
[INFO] [stdout]     |                             no `Headers` in `header`
[INFO] [stdout] 
[INFO] [stdout] 
[INFO] [stdout] error[E0432]: unresolved imports `hyper::header::Headers`, `hyper::header::Referer`
[INFO] [stdout]    --> src/main.rs:963:29
[INFO] [stdout]     |
[INFO] [stdout] 963 |         use hyper::header::{Headers, Referer};
[INFO] [stdout]     |                             ^^^^^^^  ^^^^^^^ no `Referer` in `header`
[INFO] [stdout]     |                             |
[INFO] [stdout]     |                             no `Headers` in `header`
[INFO] [stdout] 
[INFO] [stdout] 
[INFO] [stdout] error[E0432]: unresolved imports `hyper::header::Headers`, `hyper::header::Referer`
[INFO] [stdout]    --> src/main.rs:973:29
[INFO] [stdout]     |
[INFO] [stdout] 973 |         use hyper::header::{Headers, Referer};
[INFO] [stdout]     |                             ^^^^^^^  ^^^^^^^ no `Referer` in `header`
[INFO] [stdout]     |                             |
[INFO] [stdout]     |                             no `Headers` in `header`
[INFO] [stdout] 
[INFO] [stdout] 
[INFO] [stdout] error[E0432]: unresolved imports `hyper::header::Headers`, `hyper::header::Server`
[INFO] [stdout]    --> src/main.rs:986:29
[INFO] [stdout]     |
[INFO] [stdout] 986 |         use hyper::header::{Headers, Server};
[INFO] [stdout]     |                             ^^^^^^^  ^^^^^^ no `Server` in `header`
[INFO] [stdout]     |                             |
[INFO] [stdout]     |                             no `Headers` in `header`
[INFO] [stdout] 
[INFO] [stdout] 
[INFO] [stdout] error[E0432]: unresolved imports `hyper::header::Headers`, `hyper::header::SetCookie`
[INFO] [stdout]    --> src/main.rs:999:29
[INFO] [stdout]     |
[INFO] [stdout] 999 |         use hyper::header::{Headers, SetCookie};
[INFO] [stdout]     |                             ^^^^^^^  ^^^^^^^^^ no `SetCookie` in `header`
[INFO] [stdout]     |                             |
[INFO] [stdout]     |                             no `Headers` in `header`
[INFO] [stdout] 
[INFO] [stdout] 
[INFO] [stdout] error[E0432]: unresolved imports `hyper::header::Headers`, `hyper::header::TransferEncoding`, `hyper::header::Encoding`
[INFO] [stdout]     --> src/main.rs:1023:29
[INFO] [stdout]      |
[INFO] [stdout] 1023 |         use hyper::header::{Headers, TransferEncoding, Encoding};
[INFO] [stdout]      |                             ^^^^^^^  ^^^^^^^^^^^^^^^^  ^^^^^^^^ no `Encoding` in `header`
[INFO] [stdout]      |                             |        |
[INFO] [stdout]      |                             |        no `TransferEncoding` in `header`
[INFO] [stdout]      |                             no `Headers` in `header`
[INFO] [stdout] 
[INFO] [stdout] 
[INFO] [stdout] error[E0432]: unresolved imports `hyper::header::Headers`, `hyper::header::Upgrade`, `hyper::header::Protocol`, `hyper::header::ProtocolName`
[INFO] [stdout]     --> src/main.rs:1041:29
[INFO] [stdout]      |
[INFO] [stdout] 1041 |         use hyper::header::{Headers, Upgrade, Protocol, ProtocolName};
[INFO] [stdout]      |                             ^^^^^^^  ^^^^^^^  ^^^^^^^^  ^^^^^^^^^^^^ no `ProtocolName` in `header`
[INFO] [stdout]      |                             |        |        |
[INFO] [stdout]      |                             |        |        no `Protocol` in `header`
[INFO] [stdout]      |                             |        no `Upgrade` in `header`
[INFO] [stdout]      |                             no `Headers` in `header`
[INFO] [stdout] 
[INFO] [stdout] 
[INFO] [stdout] error[E0432]: unresolved imports `hyper::header::Headers`, `hyper::header::Upgrade`, `hyper::header::Protocol`, `hyper::header::ProtocolName`
[INFO] [stdout]     --> src/main.rs:1051:29
[INFO] [stdout]      |
[INFO] [stdout] 1051 |         use hyper::header::{Headers, Upgrade, Protocol, ProtocolName};
[INFO] [stdout]      |                             ^^^^^^^  ^^^^^^^  ^^^^^^^^  ^^^^^^^^^^^^ no `ProtocolName` in `header`
[INFO] [stdout]      |                             |        |        |
[INFO] [stdout]      |                             |        |        no `Protocol` in `header`
[INFO] [stdout]      |                             |        no `Upgrade` in `header`
[INFO] [stdout]      |                             no `Headers` in `header`
[INFO] [stdout] 
[INFO] [stdout] 
[INFO] [stdout] error[E0432]: unresolved imports `hyper::header::Headers`, `hyper::header::UserAgent`
[INFO] [stdout]     --> src/main.rs:1071:29
[INFO] [stdout]      |
[INFO] [stdout] 1071 |         use hyper::header::{Headers, UserAgent};
[INFO] [stdout]      |                             ^^^^^^^  ^^^^^^^^^ no `UserAgent` in `header`
[INFO] [stdout]      |                             |
[INFO] [stdout]      |                             no `Headers` in `header`
[INFO] [stdout] 
[INFO] [stdout] 
[INFO] [stdout] error[E0432]: unresolved imports `hyper::header::Headers`, `hyper::header::Vary`
[INFO] [stdout]     --> src/main.rs:1084:29
[INFO] [stdout]      |
[INFO] [stdout] 1084 |         use hyper::header::{Headers, Vary};
[INFO] [stdout]      |                             ^^^^^^^  ^^^^ no `Vary` in `header`
[INFO] [stdout]      |                             |
[INFO] [stdout]      |                             no `Headers` in `header`
[INFO] [stdout] 
[INFO] [stdout] 
[INFO] [stdout] error[E0432]: unresolved imports `hyper::header::Headers`, `hyper::header::Vary`
[INFO] [stdout]     --> src/main.rs:1094:29
[INFO] [stdout]      |
[INFO] [stdout] 1094 |         use hyper::header::{Headers, Vary};
[INFO] [stdout]      |                             ^^^^^^^  ^^^^ no `Vary` in `header`
[INFO] [stdout]      |                             |
[INFO] [stdout]      |                             no `Headers` in `header`
[INFO] [stdout] 
[INFO] [stdout] 
[INFO] [stdout] error[E0432]: unresolved import `hyper::Url`
[INFO] [stdout]    --> src/main.rs:345:13
[INFO] [stdout]     |
[INFO] [stdout] 345 |         use hyper::Url;
[INFO] [stdout]     |             ^^^^^^^---
[INFO] [stdout]     |             |      |
[INFO] [stdout]     |             |      help: a similar name exists in the module: `Uri`
[INFO] [stdout]     |             no `Url` in the root
[INFO] [stdout] 
[INFO] [stdout] 
[INFO] [stdout] error[E0432]: unresolved imports `hyper::header::Headers`, `hyper::header::AccessControlMaxAge`
[INFO] [stdout]    --> src/main.rs:360:29
[INFO] [stdout]     |
[INFO] [stdout] 360 |         use hyper::header::{Headers, AccessControlMaxAge};
[INFO] [stdout]     |                             ^^^^^^^  ^^^^^^^^^^^^^^^^^^^ no `AccessControlMaxAge` in `header`
[INFO] [stdout]     |                             |
[INFO] [stdout]     |                             no `Headers` in `header`
[INFO] [stdout] 
[INFO] [stdout] 
[INFO] [stdout] error[E0432]: unresolved imports `hyper::header::Headers`, `hyper::header::AccessControlRequestHeaders`
[INFO] [stdout]    --> src/main.rs:373:29
[INFO] [stdout]     |
[INFO] [stdout] 373 |         use hyper::header::{Headers, AccessControlRequestHeaders};
[INFO] [stdout]     |                             ^^^^^^^  ^^^^^^^^^^^^^^^^^^^^^^^^^^^ no `AccessControlRequestHeaders` in `header`
[INFO] [stdout]     |                             |
[INFO] [stdout]     |                             no `Headers` in `header`
[INFO] [stdout] 
[INFO] [stdout] 
[INFO] [stdout] error[E0432]: unresolved imports `hyper::header::Headers`, `hyper::header::AccessControlRequestHeaders`
[INFO] [stdout]    --> src/main.rs:386:29
[INFO] [stdout]     |
[INFO] [stdout] 386 |         use hyper::header::{Headers, AccessControlRequestHeaders};
[INFO] [stdout]     |                             ^^^^^^^  ^^^^^^^^^^^^^^^^^^^^^^^^^^^ no `AccessControlRequestHeaders` in `header`
[INFO] [stdout]     |                             |
[INFO] [stdout]     |                             no `Headers` in `header`
[INFO] [stdout] 
[INFO] [stdout] 
[INFO] [stdout] error[E0432]: unresolved imports `hyper::header::Headers`, `hyper::header::AccessControlRequestMethod`
[INFO] [stdout]    --> src/main.rs:405:29
[INFO] [stdout]     |
[INFO] [stdout] 405 |         use hyper::header::{Headers, AccessControlRequestMethod};
[INFO] [stdout]     |                             ^^^^^^^  ^^^^^^^^^^^^^^^^^^^^^^^^^^ no `AccessControlRequestMethod` in `header`
[INFO] [stdout]     |                             |
[INFO] [stdout]     |                             no `Headers` in `header`
[INFO] [stdout] 
[INFO] [stdout] 
[INFO] [stdout] error[E0432]: unresolved import `hyper::method`
[INFO] [stdout]    --> src/main.rs:406:20
[INFO] [stdout]     |
[INFO] [stdout] 406 |         use hyper::method::Method;
[INFO] [stdout]     |                    ^^^^^^ could not find `method` in `hyper`
[INFO] [stdout] 
[INFO] [stdout] 
[INFO] [stdout] error[E0432]: unresolved imports `hyper::header::Headers`, `hyper::header::Allow`
[INFO] [stdout]    --> src/main.rs:419:29
[INFO] [stdout]     |
[INFO] [stdout] 419 |         use hyper::header::{Headers, Allow};
[INFO] [stdout]     |                             ^^^^^^^  ^^^^^ no `Allow` in `header`
[INFO] [stdout]     |                             |
[INFO] [stdout]     |                             no `Headers` in `header`
[INFO] [stdout] 
[INFO] [stdout] 
[INFO] [stdout] error[E0432]: unresolved import `hyper::method`
[INFO] [stdout]    --> src/main.rs:420:20
[INFO] [stdout]     |
[INFO] [stdout] 420 |         use hyper::method::Method;
[INFO] [stdout]     |                    ^^^^^^ could not find `method` in `hyper`
[INFO] [stdout] 
[INFO] [stdout] 
[INFO] [stdout] error[E0432]: unresolved imports `hyper::header::Headers`, `hyper::header::Allow`
[INFO] [stdout]    --> src/main.rs:432:29
[INFO] [stdout]     |
[INFO] [stdout] 432 |         use hyper::header::{Headers, Allow};
[INFO] [stdout]     |                             ^^^^^^^  ^^^^^ no `Allow` in `header`
[INFO] [stdout]     |                             |
[INFO] [stdout]     |                             no `Headers` in `header`
[INFO] [stdout] 
[INFO] [stdout] 
[INFO] [stdout] error[E0432]: unresolved import `hyper::method`
[INFO] [stdout]    --> src/main.rs:433:20
[INFO] [stdout]     |
[INFO] [stdout] 433 |         use hyper::method::Method;
[INFO] [stdout]     |                    ^^^^^^ could not find `method` in `hyper`
[INFO] [stdout] 
[INFO] [stdout] 
[INFO] [stdout] error[E0432]: unresolved imports `hyper::header::Headers`, `hyper::header::Authorization`
[INFO] [stdout]    --> src/main.rs:453:29
[INFO] [stdout]     |
[INFO] [stdout] 453 |         use hyper::header::{Headers, Authorization};
[INFO] [stdout]     |                             ^^^^^^^  ^^^^^^^^^^^^^ no `Authorization` in `header`
[INFO] [stdout]     |                             |
[INFO] [stdout]     |                             no `Headers` in `header`
[INFO] [stdout] 
[INFO] [stdout] 
[INFO] [stdout] error[E0432]: unresolved imports `hyper::header::Headers`, `hyper::header::Authorization`, `hyper::header::Basic`
[INFO] [stdout]    --> src/main.rs:463:29
[INFO] [stdout]     |
[INFO] [stdout] 463 |         use hyper::header::{Headers, Authorization, Basic};
[INFO] [stdout]     |                             ^^^^^^^  ^^^^^^^^^^^^^  ^^^^^ no `Basic` in `header`
[INFO] [stdout]     |                             |        |
[INFO] [stdout]     |                             |        no `Authorization` in `header`
[INFO] [stdout]     |                             no `Headers` in `header`
[INFO] [stdout] 
[INFO] [stdout] 
[INFO] [stdout] error[E0432]: unresolved imports `hyper::header::Headers`, `hyper::header::CacheControl`, `hyper::header::CacheDirective`
[INFO] [stdout]    --> src/main.rs:483:29
[INFO] [stdout]     |
[INFO] [stdout] 483 |         use hyper::header::{Headers, CacheControl, CacheDirective};
[INFO] [stdout]     |                             ^^^^^^^  ^^^^^^^^^^^^  ^^^^^^^^^^^^^^ no `CacheDirective` in `header`
[INFO] [stdout]     |                             |        |
[INFO] [stdout]     |                             |        no `CacheControl` in `header`
[INFO] [stdout]     |                             no `Headers` in `header`
[INFO] [stdout] 
[INFO] [stdout] 
[INFO] [stdout] error[E0432]: unresolved imports `hyper::header::Headers`, `hyper::header::CacheControl`, `hyper::header::CacheDirective`
[INFO] [stdout]    --> src/main.rs:495:29
[INFO] [stdout]     |
[INFO] [stdout] 495 |         use hyper::header::{Headers, CacheControl, CacheDirective};
[INFO] [stdout]     |                             ^^^^^^^  ^^^^^^^^^^^^  ^^^^^^^^^^^^^^ no `CacheDirective` in `header`
[INFO] [stdout]     |                             |        |
[INFO] [stdout]     |                             |        no `CacheControl` in `header`
[INFO] [stdout]     |                             no `Headers` in `header`
[INFO] [stdout] 
[INFO] [stdout] 
[INFO] [stdout] error[E0432]: unresolved imports `hyper::header::Headers`, `hyper::header::Connection`
[INFO] [stdout]    --> src/main.rs:516:29
[INFO] [stdout]     |
[INFO] [stdout] 516 |         use hyper::header::{Headers, Connection};
[INFO] [stdout]     |                             ^^^^^^^  ^^^^^^^^^^ no `Connection` in `header`
[INFO] [stdout]     |                             |
[INFO] [stdout]     |                             no `Headers` in `header`
[INFO] [stdout] 
[INFO] [stdout] 
[INFO] [stdout] error[E0432]: unresolved imports `hyper::header::Headers`, `hyper::header::Connection`, `hyper::header::ConnectionOption`
[INFO] [stdout]    --> src/main.rs:526:29
[INFO] [stdout]     |
[INFO] [stdout] 526 |         use hyper::header::{Headers, Connection, ConnectionOption};
[INFO] [stdout]     |                             ^^^^^^^  ^^^^^^^^^^  ^^^^^^^^^^^^^^^^ no `ConnectionOption` in `header`
[INFO] [stdout]     |                             |        |
[INFO] [stdout]     |                             |        no `Connection` in `header`
[INFO] [stdout]     |                             no `Headers` in `header`
[INFO] [stdout] 
[INFO] [stdout] 
[INFO] [stdout] error[E0432]: unresolved imports `hyper::header::Headers`, `hyper::header::ContentEncoding`, `hyper::header::Encoding`
[INFO] [stdout]    --> src/main.rs:544:29
[INFO] [stdout]     |
[INFO] [stdout] 544 |         use hyper::header::{Headers, ContentEncoding, Encoding};
[INFO] [stdout]     |                             ^^^^^^^  ^^^^^^^^^^^^^^^  ^^^^^^^^ no `Encoding` in `header`
[INFO] [stdout]     |                             |        |
[INFO] [stdout]     |                             |        no `ContentEncoding` in `header`
[INFO] [stdout]     |                             no `Headers` in `header`
[INFO] [stdout] 
[INFO] [stdout] 
[INFO] [stdout] error[E0432]: unresolved imports `hyper::header::Headers`, `hyper::header::ContentEncoding`, `hyper::header::Encoding`
[INFO] [stdout]    --> src/main.rs:554:29
[INFO] [stdout]     |
[INFO] [stdout] 554 |         use hyper::header::{Headers, ContentEncoding, Encoding};
[INFO] [stdout]     |                             ^^^^^^^  ^^^^^^^^^^^^^^^  ^^^^^^^^ no `Encoding` in `header`
[INFO] [stdout]     |                             |        |
[INFO] [stdout]     |                             |        no `ContentEncoding` in `header`
[INFO] [stdout]     |                             no `Headers` in `header`
[INFO] [stdout] 
[INFO] [stdout] 
[INFO] [stdout] error[E0432]: unresolved imports `hyper::header::Headers`, `hyper::header::ContentLanguage`, `hyper::header::Language`, `hyper::header::qitem`
[INFO] [stdout]    --> src/main.rs:572:29
[INFO] [stdout]     |
[INFO] [stdout] 572 |         use hyper::header::{Headers, ContentLanguage, Language, qitem};
[INFO] [stdout]     |                             ^^^^^^^  ^^^^^^^^^^^^^^^  ^^^^^^^^  ^^^^^ no `qitem` in `header`
[INFO] [stdout]     |                             |        |                |
[INFO] [stdout]     |                             |        |                no `Language` in `header`
[INFO] [stdout]     |                             |        no `ContentLanguage` in `header`
[INFO] [stdout]     |                             no `Headers` in `header`
[INFO] [stdout] 
[INFO] [stdout] 
[INFO] [stdout] error[E0432]: unresolved imports `hyper::header::Headers`, `hyper::header::ContentLanguage`, `hyper::header::Language`, `hyper::header::qitem`
[INFO] [stdout]    --> src/main.rs:591:29
[INFO] [stdout]     |
[INFO] [stdout] 591 |         use hyper::header::{Headers, ContentLanguage, Language, qitem};
[INFO] [stdout]     |                             ^^^^^^^  ^^^^^^^^^^^^^^^  ^^^^^^^^  ^^^^^ no `qitem` in `header`
[INFO] [stdout]     |                             |        |                |
[INFO] [stdout]     |                             |        |                no `Language` in `header`
[INFO] [stdout]     |                             |        no `ContentLanguage` in `header`
[INFO] [stdout]     |                             no `Headers` in `header`
[INFO] [stdout] 
[INFO] [stdout] 
[INFO] [stdout] error[E0432]: unresolved imports `hyper::header::Headers`, `hyper::header::ContentLength`
[INFO] [stdout]    --> src/main.rs:619:29
[INFO] [stdout]     |
[INFO] [stdout] 619 |         use hyper::header::{Headers, ContentLength};
[INFO] [stdout]     |                             ^^^^^^^  ^^^^^^^^^^^^^ no `ContentLength` in `header`
[INFO] [stdout]     |                             |
[INFO] [stdout]     |                             no `Headers` in `header`
[INFO] [stdout] 
[INFO] [stdout] 
[INFO] [stdout] error[E0432]: unresolved imports `hyper::header::Headers`, `hyper::header::ContentType`
[INFO] [stdout]    --> src/main.rs:632:29
[INFO] [stdout]     |
[INFO] [stdout] 632 |         use hyper::header::{Headers, ContentType};
[INFO] [stdout]     |                             ^^^^^^^  ^^^^^^^^^^^ no `ContentType` in `header`
[INFO] [stdout]     |                             |
[INFO] [stdout]     |                             no `Headers` in `header`
[INFO] [stdout] 
[INFO] [stdout] 
[INFO] [stdout] error[E0432]: unresolved import `hyper::mime`
[INFO] [stdout]    --> src/main.rs:633:20
[INFO] [stdout]     |
[INFO] [stdout] 633 |         use hyper::mime::{Mime, TopLevel, SubLevel};
[INFO] [stdout]     |                    ^^^^ could not find `mime` in `hyper`
[INFO] [stdout] 
[INFO] [stdout] 
[INFO] [stdout] error[E0432]: unresolved imports `hyper::header::Headers`, `hyper::header::ContentType`
[INFO] [stdout]    --> src/main.rs:646:29
[INFO] [stdout]     |
[INFO] [stdout] 646 |         use hyper::header::{Headers, ContentType};
[INFO] [stdout]     |                             ^^^^^^^  ^^^^^^^^^^^ no `ContentType` in `header`
[INFO] [stdout]     |                             |
[INFO] [stdout]     |                             no `Headers` in `header`
[INFO] [stdout] 
[INFO] [stdout] 
[INFO] [stdout] error[E0432]: unresolved import `hyper::mime`
[INFO] [stdout]    --> src/main.rs:647:20
[INFO] [stdout]     |
[INFO] [stdout] 647 |         use hyper::mime::{Mime, TopLevel, SubLevel, Attr, Value};
[INFO] [stdout]     |                    ^^^^ could not find `mime` in `hyper`
[INFO] [stdout] 
[INFO] [stdout] 
[INFO] [stdout] error[E0432]: unresolved imports `hyper::header::Headers`, `hyper::header::Cookie`
[INFO] [stdout]    --> src/main.rs:664:29
[INFO] [stdout]     |
[INFO] [stdout] 664 |         use hyper::header::{Headers, Cookie};
[INFO] [stdout]     |                             ^^^^^^^  ^^^^^^ no `Cookie` in `header`
[INFO] [stdout]     |                             |
[INFO] [stdout]     |                             no `Headers` in `header`
[INFO] [stdout] 
[INFO] [stdout] 
[INFO] [stdout] error[E0432]: unresolved imports `hyper::header::Headers`, `hyper::header::Date`, `hyper::header::HttpDate`
[INFO] [stdout]    --> src/main.rs:683:29
[INFO] [stdout]     |
[INFO] [stdout] 683 |         use hyper::header::{Headers, Date, HttpDate};
[INFO] [stdout]     |                             ^^^^^^^  ^^^^  ^^^^^^^^ no `HttpDate` in `header`
[INFO] [stdout]     |                             |        |
[INFO] [stdout]     |                             |        no `Date` in `header`
[INFO] [stdout]     |                             no `Headers` in `header`
[INFO] [stdout] 
[INFO] [stdout] 
[INFO] [stdout] error[E0432]: unresolved imports `hyper::header::Headers`, `hyper::header::ETag`, `hyper::header::EntityTag`
[INFO] [stdout]    --> src/main.rs:697:29
[INFO] [stdout]     |
[INFO] [stdout] 697 |         use hyper::header::{Headers, ETag, EntityTag};
[INFO] [stdout]     |                             ^^^^^^^  ^^^^  ^^^^^^^^^ no `EntityTag` in `header`
[INFO] [stdout]     |                             |        |
[INFO] [stdout]     |                             |        no `ETag` in `header`
[INFO] [stdout]     |                             no `Headers` in `header`
[INFO] [stdout] 
[INFO] [stdout] 
[INFO] [stdout] error[E0432]: unresolved imports `hyper::header::Headers`, `hyper::header::ETag`, `hyper::header::EntityTag`
[INFO] [stdout]    --> src/main.rs:707:29
[INFO] [stdout]     |
[INFO] [stdout] 707 |         use hyper::header::{Headers, ETag, EntityTag};
[INFO] [stdout]     |                             ^^^^^^^  ^^^^  ^^^^^^^^^ no `EntityTag` in `header`
[INFO] [stdout]     |                             |        |
[INFO] [stdout]     |                             |        no `ETag` in `header`
[INFO] [stdout]     |                             no `Headers` in `header`
[INFO] [stdout] 
[INFO] [stdout] 
[INFO] [stdout] error[E0432]: unresolved imports `hyper::header::Headers`, `hyper::header::Expect`
[INFO] [stdout]    --> src/main.rs:720:29
[INFO] [stdout]     |
[INFO] [stdout] 720 |         use hyper::header::{Headers, Expect};
[INFO] [stdout]     |                             ^^^^^^^  ^^^^^^ no `Expect` in `header`
[INFO] [stdout]     |                             |
[INFO] [stdout]     |                             no `Headers` in `header`
[INFO] [stdout] 
[INFO] [stdout] 
[INFO] [stdout] error[E0432]: unresolved imports `hyper::header::Headers`, `hyper::header::Expires`, `hyper::header::HttpDate`
[INFO] [stdout]    --> src/main.rs:733:29
[INFO] [stdout]     |
[INFO] [stdout] 733 |         use hyper::header::{Headers, Expires, HttpDate};
[INFO] [stdout]     |                             ^^^^^^^  ^^^^^^^  ^^^^^^^^ no `HttpDate` in `header`
[INFO] [stdout]     |                             |        |
[INFO] [stdout]     |                             |        no `Expires` in `header`
[INFO] [stdout]     |                             no `Headers` in `header`
[INFO] [stdout] 
[INFO] [stdout] 
[INFO] [stdout] error[E0432]: unresolved imports `hyper::header::Headers`, `hyper::header::From`
[INFO] [stdout]    --> src/main.rs:747:29
[INFO] [stdout]     |
[INFO] [stdout] 747 |         use hyper::header::{Headers, From};
[INFO] [stdout]     |                             ^^^^^^^  ^^^^ no `From` in `header`
[INFO] [stdout]     |                             |
[INFO] [stdout]     |                             no `Headers` in `header`
[INFO] [stdout] 
[INFO] [stdout] 
[INFO] [stdout] error[E0432]: unresolved imports `hyper::header::Headers`, `hyper::header::Host`
[INFO] [stdout]    --> src/main.rs:760:29
[INFO] [stdout]     |
[INFO] [stdout] 760 |         use hyper::header::{Headers, Host};
[INFO] [stdout]     |                             ^^^^^^^  ^^^^ no `Host` in `header`
[INFO] [stdout]     |                             |
[INFO] [stdout]     |                             no `Headers` in `header`
[INFO] [stdout] 
[INFO] [stdout] 
[INFO] [stdout] error[E0432]: unresolved imports `hyper::header::Headers`, `hyper::header::Host`
[INFO] [stdout]    --> src/main.rs:775:29
[INFO] [stdout]     |
[INFO] [stdout] 775 |         use hyper::header::{Headers, Host};
[INFO] [stdout]     |                             ^^^^^^^  ^^^^ no `Host` in `header`
[INFO] [stdout]     |                             |
[INFO] [stdout]     |                             no `Headers` in `header`
[INFO] [stdout] 
[INFO] [stdout] 
[INFO] [stdout] error[E0432]: unresolved imports `hyper::header::Headers`, `hyper::header::IfMatch`
[INFO] [stdout]    --> src/main.rs:793:29
[INFO] [stdout]     |
[INFO] [stdout] 793 |         use hyper::header::{Headers, IfMatch};
[INFO] [stdout]     |                             ^^^^^^^  ^^^^^^^ no `IfMatch` in `header`
[INFO] [stdout]     |                             |
[INFO] [stdout]     |                             no `Headers` in `header`
[INFO] [stdout] 
[INFO] [stdout] 
[INFO] [stdout] error[E0432]: unresolved imports `hyper::header::Headers`, `hyper::header::IfMatch`, `hyper::header::EntityTag`
[INFO] [stdout]    --> src/main.rs:803:29
[INFO] [stdout]     |
[INFO] [stdout] 803 |         use hyper::header::{Headers, IfMatch, EntityTag};
[INFO] [stdout]     |                             ^^^^^^^  ^^^^^^^  ^^^^^^^^^ no `EntityTag` in `header`
[INFO] [stdout]     |                             |        |
[INFO] [stdout]     |                             |        no `IfMatch` in `header`
[INFO] [stdout]     |                             no `Headers` in `header`
[INFO] [stdout] 
[INFO] [stdout] 
[INFO] [stdout] error[E0432]: unresolved imports `hyper::header::Headers`, `hyper::header::IfModifiedSince`, `hyper::header::HttpDate`
[INFO] [stdout]    --> src/main.rs:822:29
[INFO] [stdout]     |
[INFO] [stdout] 822 |         use hyper::header::{Headers, IfModifiedSince, HttpDate};
[INFO] [stdout]     |                             ^^^^^^^  ^^^^^^^^^^^^^^^  ^^^^^^^^ no `HttpDate` in `header`
[INFO] [stdout]     |                             |        |
[INFO] [stdout]     |                             |        no `IfModifiedSince` in `header`
[INFO] [stdout]     |                             no `Headers` in `header`
[INFO] [stdout] 
[INFO] [stdout] 
[INFO] [stdout] error[E0432]: unresolved imports `hyper::header::Headers`, `hyper::header::IfNoneMatch`
[INFO] [stdout]    --> src/main.rs:836:29
[INFO] [stdout]     |
[INFO] [stdout] 836 |         use hyper::header::{Headers, IfNoneMatch};
[INFO] [stdout]     |                             ^^^^^^^  ^^^^^^^^^^^ no `IfNoneMatch` in `header`
[INFO] [stdout]     |                             |
[INFO] [stdout]     |                             no `Headers` in `header`
[INFO] [stdout] 
[INFO] [stdout] 
[INFO] [stdout] error[E0432]: unresolved imports `hyper::header::Headers`, `hyper::header::IfNoneMatch`, `hyper::header::EntityTag`
[INFO] [stdout]    --> src/main.rs:846:29
[INFO] [stdout]     |
[INFO] [stdout] 846 |         use hyper::header::{Headers, IfNoneMatch, EntityTag};
[INFO] [stdout]     |                             ^^^^^^^  ^^^^^^^^^^^  ^^^^^^^^^ no `EntityTag` in `header`
[INFO] [stdout]     |                             |        |
[INFO] [stdout]     |                             |        no `IfNoneMatch` in `header`
[INFO] [stdout]     |                             no `Headers` in `header`
[INFO] [stdout] 
[INFO] [stdout] 
[INFO] [stdout] error[E0432]: unresolved imports `hyper::header::Headers`, `hyper::header::IfRange`, `hyper::header::HttpDate`
[INFO] [stdout]    --> src/main.rs:865:29
[INFO] [stdout]     |
[INFO] [stdout] 865 |         use hyper::header::{Headers, IfRange, HttpDate};
[INFO] [stdout]     |                             ^^^^^^^  ^^^^^^^  ^^^^^^^^ no `HttpDate` in `header`
[INFO] [stdout]     |                             |        |
[INFO] [stdout]     |                             |        no `IfRange` in `header`
[INFO] [stdout]     |                             no `Headers` in `header`
[INFO] [stdout] 
[INFO] [stdout] 
[INFO] [stdout] error[E0432]: unresolved imports `hyper::header::Headers`, `hyper::header::IfRange`, `hyper::header::EntityTag`
[INFO] [stdout]    --> src/main.rs:876:29
[INFO] [stdout]     |
[INFO] [stdout] 876 |         use hyper::header::{Headers, IfRange, EntityTag};
[INFO] [stdout]     |                             ^^^^^^^  ^^^^^^^  ^^^^^^^^^ no `EntityTag` in `header`
[INFO] [stdout]     |                             |        |
[INFO] [stdout]     |                             |        no `IfRange` in `header`
[INFO] [stdout]     |                             no `Headers` in `header`
[INFO] [stdout] 
[INFO] [stdout] 
[INFO] [stdout] error[E0432]: unresolved imports `hyper::header::Headers`, `hyper::header::IfUnmodifiedSince`, `hyper::header::HttpDate`
[INFO] [stdout]    --> src/main.rs:889:29
[INFO] [stdout]     |
[INFO] [stdout] 889 |         use hyper::header::{Headers, IfUnmodifiedSince, HttpDate};
[INFO] [stdout]     |                             ^^^^^^^  ^^^^^^^^^^^^^^^^^  ^^^^^^^^ no `HttpDate` in `header`
[INFO] [stdout]     |                             |        |
[INFO] [stdout]     |                             |        no `IfUnmodifiedSince` in `header`
[INFO] [stdout]     |                             no `Headers` in `header`
[INFO] [stdout] 
[INFO] [stdout] 
[INFO] [stdout] error[E0432]: unresolved imports `hyper::header::Headers`, `hyper::header::LastModified`, `hyper::header::HttpDate`
[INFO] [stdout]    --> src/main.rs:903:29
[INFO] [stdout]     |
[INFO] [stdout] 903 |         use hyper::header::{Headers, LastModified, HttpDate};
[INFO] [stdout]     |                             ^^^^^^^  ^^^^^^^^^^^^  ^^^^^^^^ no `HttpDate` in `header`
[INFO] [stdout]     |                             |        |
[INFO] [stdout]     |                             |        no `LastModified` in `header`
[INFO] [stdout]     |                             no `Headers` in `header`
[INFO] [stdout] 
[INFO] [stdout] 
[INFO] [stdout] error[E0432]: unresolved imports `hyper::header::Headers`, `hyper::header::Location`
[INFO] [stdout]    --> src/main.rs:917:29
[INFO] [stdout]     |
[INFO] [stdout] 917 |         use hyper::header::{Headers, Location};
[INFO] [stdout]     |                             ^^^^^^^  ^^^^^^^^ no `Location` in `header`
[INFO] [stdout]     |                             |
[INFO] [stdout]     |                             no `Headers` in `header`
[INFO] [stdout] 
[INFO] [stdout] 
[INFO] [stdout] error[E0432]: unresolved imports `hyper::header::Headers`, `hyper::header::Location`
[INFO] [stdout]    --> src/main.rs:927:29
[INFO] [stdout]     |
[INFO] [stdout] 927 |         use hyper::header::{Headers, Location};
[INFO] [stdout]     |                             ^^^^^^^  ^^^^^^^^ no `Location` in `header`
[INFO] [stdout]     |                             |
[INFO] [stdout]     |                             no `Headers` in `header`
[INFO] [stdout] 
[INFO] [stdout] 
[INFO] [stdout] error[E0432]: unresolved imports `hyper::header::Headers`, `hyper::header::Pragma`
[INFO] [stdout]    --> src/main.rs:940:29
[INFO] [stdout]     |
[INFO] [stdout] 940 |         use hyper::header::{Headers, Pragma};
[INFO] [stdout]     |                             ^^^^^^^  ^^^^^^ no `Pragma` in `header`
[INFO] [stdout]     |                             |
[INFO] [stdout]     |                             no `Headers` in `header`
[INFO] [stdout] 
[INFO] [stdout] 
[INFO] [stdout] error[E0432]: unresolved imports `hyper::header::Headers`, `hyper::header::Pragma`
[INFO] [stdout]    --> src/main.rs:950:29
[INFO] [stdout]     |
[INFO] [stdout] 950 |         use hyper::header::{Headers, Pragma};
[INFO] [stdout]     |                             ^^^^^^^  ^^^^^^ no `Pragma` in `header`
[INFO] [stdout]     |                             |
[INFO] [stdout]     |                             no `Headers` in `header`
[INFO] [stdout] 
[INFO] [stdout] 
[INFO] [stdout] error[E0432]: unresolved imports `hyper::header::Headers`, `hyper::header::Referer`
[INFO] [stdout]    --> src/main.rs:963:29
[INFO] [stdout]     |
[INFO] [stdout] 963 |         use hyper::header::{Headers, Referer};
[INFO] [stdout]     |                             ^^^^^^^  ^^^^^^^ no `Referer` in `header`
[INFO] [stdout]     |                             |
[INFO] [stdout]     |                             no `Headers` in `header`
[INFO] [stdout] 
[INFO] [stdout] 
[INFO] [stdout] error[E0432]: unresolved imports `hyper::header::Headers`, `hyper::header::Referer`
[INFO] [stdout]    --> src/main.rs:973:29
[INFO] [stdout]     |
[INFO] [stdout] 973 |         use hyper::header::{Headers, Referer};
[INFO] [stdout]     |                             ^^^^^^^  ^^^^^^^ no `Referer` in `header`
[INFO] [stdout]     |                             |
[INFO] [stdout]     |                             no `Headers` in `header`
[INFO] [stdout] 
[INFO] [stdout] 
[INFO] [stdout] error[E0432]: unresolved imports `hyper::header::Headers`, `hyper::header::Server`
[INFO] [stdout]    --> src/main.rs:986:29
[INFO] [stdout]     |
[INFO] [stdout] 986 |         use hyper::header::{Headers, Server};
[INFO] [stdout]     |                             ^^^^^^^  ^^^^^^ no `Server` in `header`
[INFO] [stdout]     |                             |
[INFO] [stdout]     |                             no `Headers` in `header`
[INFO] [stdout] 
[INFO] [stdout] 
[INFO] [stdout] error[E0432]: unresolved imports `hyper::header::Headers`, `hyper::header::SetCookie`
[INFO] [stdout]    --> src/main.rs:999:29
[INFO] [stdout]     |
[INFO] [stdout] 999 |         use hyper::header::{Headers, SetCookie};
[INFO] [stdout]     |                             ^^^^^^^  ^^^^^^^^^ no `SetCookie` in `header`
[INFO] [stdout]     |                             |
[INFO] [stdout]     |                             no `Headers` in `header`
[INFO] [stdout] 
[INFO] [stdout] 
[INFO] [stdout] error[E0432]: unresolved imports `hyper::header::Headers`, `hyper::header::TransferEncoding`, `hyper::header::Encoding`
[INFO] [stdout]     --> src/main.rs:1023:29
[INFO] [stdout]      |
[INFO] [stdout] 1023 |         use hyper::header::{Headers, TransferEncoding, Encoding};
[INFO] [stdout]      |                             ^^^^^^^  ^^^^^^^^^^^^^^^^  ^^^^^^^^ no `Encoding` in `header`
[INFO] [stdout]      |                             |        |
[INFO] [stdout]      |                             |        no `TransferEncoding` in `header`
[INFO] [stdout]      |                             no `Headers` in `header`
[INFO] [stdout] 
[INFO] [stdout] 
[INFO] [stdout] error[E0432]: unresolved imports `hyper::header::Headers`, `hyper::header::Upgrade`, `hyper::header::Protocol`, `hyper::header::ProtocolName`
[INFO] [stdout]     --> src/main.rs:1041:29
[INFO] [stdout]      |
[INFO] [stdout] 1041 |         use hyper::header::{Headers, Upgrade, Protocol, ProtocolName};
[INFO] [stdout]      |                             ^^^^^^^  ^^^^^^^  ^^^^^^^^  ^^^^^^^^^^^^ no `ProtocolName` in `header`
[INFO] [stdout]      |                             |        |        |
[INFO] [stdout]      |                             |        |        no `Protocol` in `header`
[INFO] [stdout]      |                             |        no `Upgrade` in `header`
[INFO] [stdout]      |                             no `Headers` in `header`
[INFO] [stdout] 
[INFO] [stdout] 
[INFO] [stdout] error[E0432]: unresolved imports `hyper::header::Headers`, `hyper::header::Upgrade`, `hyper::header::Protocol`, `hyper::header::ProtocolName`
[INFO] [stdout]     --> src/main.rs:1051:29
[INFO] [stdout]      |
[INFO] [stdout] 1051 |         use hyper::header::{Headers, Upgrade, Protocol, ProtocolName};
[INFO] [stdout]      |                             ^^^^^^^  ^^^^^^^  ^^^^^^^^  ^^^^^^^^^^^^ no `ProtocolName` in `header`
[INFO] [stdout]      |                             |        |        |
[INFO] [stdout]      |                             |        |        no `Protocol` in `header`
[INFO] [stdout]      |                             |        no `Upgrade` in `header`
[INFO] [stdout]      |                             no `Headers` in `header`
[INFO] [stdout] 
[INFO] [stdout] 
[INFO] [stdout] error[E0432]: unresolved imports `hyper::header::Headers`, `hyper::header::UserAgent`
[INFO] [stdout]     --> src/main.rs:1071:29
[INFO] [stdout]      |
[INFO] [stdout] 1071 |         use hyper::header::{Headers, UserAgent};
[INFO] [stdout]      |                             ^^^^^^^  ^^^^^^^^^ no `UserAgent` in `header`
[INFO] [stdout]      |                             |
[INFO] [stdout]      |                             no `Headers` in `header`
[INFO] [stdout] 
[INFO] [stdout] 
[INFO] [stdout] error[E0432]: unresolved imports `hyper::header::Headers`, `hyper::header::Vary`
[INFO] [stdout]     --> src/main.rs:1084:29
[INFO] [stdout]      |
[INFO] [stdout] 1084 |         use hyper::header::{Headers, Vary};
[INFO] [stdout]      |                             ^^^^^^^  ^^^^ no `Vary` in `header`
[INFO] [stdout]      |                             |
[INFO] [stdout]      |                             no `Headers` in `header`
[INFO] [stdout] 
[INFO] [stdout] 
[INFO] [stdout] error[E0432]: unresolved imports `hyper::header::Headers`, `hyper::header::Vary`
[INFO] [stdout]     --> src/main.rs:1094:29
[INFO] [stdout]      |
[INFO] [stdout] 1094 |         use hyper::header::{Headers, Vary};
[INFO] [stdout]      |                             ^^^^^^^  ^^^^ no `Vary` in `header`
[INFO] [stdout]      |                             |
[INFO] [stdout]      |                             no `Headers` in `header`
[INFO] [stdout] 
[INFO] [stdout] 
[INFO] [stdout] error[E0412]: cannot find type `Headers` in module `hyper::header`
[INFO] [stdout]   --> src/main.rs:13:38
[INFO] [stdout]    |
[INFO] [stdout] 13 |     pub fn ex1() -> ::hyper::header::Headers {
[INFO] [stdout]    |                                      ^^^^^^^ not found in `hyper::header`
[INFO] [stdout] 
[INFO] [stdout] 
[INFO] [stdout] error[E0412]: cannot find type `Headers` in module `hyper::header`
[INFO] [stdout]   --> src/main.rs:29:38
[INFO] [stdout]    |
[INFO] [stdout] 29 |     pub fn ex2() -> ::hyper::header::Headers {
[INFO] [stdout]    |                                      ^^^^^^^ not found in `hyper::header`
[INFO] [stdout] 
[INFO] [stdout] 
[INFO] [stdout] error[E0412]: cannot find type `Headers` in module `hyper::header`
[INFO] [stdout]   --> src/main.rs:45:38
[INFO] [stdout]    |
[INFO] [stdout] 45 |     pub fn ex3() -> ::hyper::header::Headers {
[INFO] [stdout]    |                                      ^^^^^^^ not found in `hyper::header`
[INFO] [stdout] 
[INFO] [stdout] 
[INFO] [stdout] error[E0412]: cannot find type `Headers` in module `hyper::header`
[INFO] [stdout]   --> src/main.rs:70:38
[INFO] [stdout]    |
[INFO] [stdout] 70 |     pub fn ex1() -> ::hyper::header::Headers {
[INFO] [stdout]    |                                      ^^^^^^^ not found in `hyper::header`
[INFO] [stdout] 
[INFO] [stdout] 
[INFO] [stdout] error[E0412]: cannot find type `Headers` in module `hyper::header`
[INFO] [stdout]   --> src/main.rs:82:38
[INFO] [stdout]    |
[INFO] [stdout] 82 |     pub fn ex2() -> ::hyper::header::Headers {
[INFO] [stdout]    |                                      ^^^^^^^ not found in `hyper::header`
[INFO] [stdout] 
[INFO] [stdout] 
[INFO] [stdout] error[E0412]: cannot find type `Headers` in module `hyper::header`
[INFO] [stdout]   --> src/main.rs:97:38
[INFO] [stdout]    |
[INFO] [stdout] 97 |     pub fn ex3() -> ::hyper::header::Headers {
[INFO] [stdout]    |                                      ^^^^^^^ not found in `hyper::header`
[INFO] [stdout] 
[INFO] [stdout] 
[INFO] [stdout] error[E0412]: cannot find type `Headers` in module `hyper::header`
[INFO] [stdout]    --> src/main.rs:112:38
[INFO] [stdout]     |
[INFO] [stdout] 112 |     pub fn ex1() -> ::hyper::header::Headers {
[INFO] [stdout]     |                                      ^^^^^^^ not found in `hyper::header`
[INFO] [stdout] 
[INFO] [stdout] 
[INFO] [stdout] error[E0412]: cannot find type `Headers` in module `hyper::header`
[INFO] [stdout]    --> src/main.rs:124:38
[INFO] [stdout]     |
[INFO] [stdout] 124 |     pub fn ex2() -> ::hyper::header::Headers {
[INFO] [stdout]     |                                      ^^^^^^^ not found in `hyper::header`
[INFO] [stdout] 
[INFO] [stdout] 
[INFO] [stdout] error[E0412]: cannot find type `Headers` in module `hyper::header`
[INFO] [stdout]    --> src/main.rs:140:38
[INFO] [stdout]     |
[INFO] [stdout] 140 |     pub fn ex3() -> ::hyper::header::Headers {
[INFO] [stdout]     |                                      ^^^^^^^ not found in `hyper::header`
[INFO] [stdout] 
[INFO] [stdout] 
[INFO] [stdout] error[E0412]: cannot find type `Headers` in module `hyper::header`
[INFO] [stdout]    --> src/main.rs:159:38
[INFO] [stdout]     |
[INFO] [stdout] 159 |     pub fn ex1() -> ::hyper::header::Headers {
[INFO] [stdout]     |                                      ^^^^^^^ not found in `hyper::header`
[INFO] [stdout] 
[INFO] [stdout] 
[INFO] [stdout] error[E0412]: cannot find type `Headers` in module `hyper::header`
[INFO] [stdout]    --> src/main.rs:178:38
[INFO] [stdout]     |
[INFO] [stdout] 178 |     pub fn ex2() -> ::hyper::header::Headers {
[INFO] [stdout]     |                                      ^^^^^^^ not found in `hyper::header`
[INFO] [stdout] 
[INFO] [stdout] 
[INFO] [stdout] error[E0412]: cannot find type `Headers` in module `hyper::header`
[INFO] [stdout]    --> src/main.rs:213:38
[INFO] [stdout]     |
[INFO] [stdout] 213 |     pub fn ex1() -> ::hyper::header::Headers {
[INFO] [stdout]     |                                      ^^^^^^^ not found in `hyper::header`
[INFO] [stdout] 
[INFO] [stdout] 
[INFO] [stdout] error[E0412]: cannot find type `Headers` in module `hyper::header`
[INFO] [stdout]    --> src/main.rs:223:38
[INFO] [stdout]     |
[INFO] [stdout] 223 |     pub fn ex2() -> ::hyper::header::Headers {
[INFO] [stdout]     |                                      ^^^^^^^ not found in `hyper::header`
[INFO] [stdout] 
[INFO] [stdout] 
[INFO] [stdout] error[E0412]: cannot find type `Headers` in module `hyper::header`
[INFO] [stdout]    --> src/main.rs:233:38
[INFO] [stdout]     |
[INFO] [stdout] 233 |     pub fn ex3() -> ::hyper::header::Headers {
[INFO] [stdout]     |                                      ^^^^^^^ not found in `hyper::header`
[INFO] [stdout] 
[INFO] [stdout] 
[INFO] [stdout] error[E0412]: cannot find type `Headers` in module `hyper::header`
[INFO] [stdout]    --> src/main.rs:253:38
[INFO] [stdout]     |
[INFO] [stdout] 253 |     pub fn ex1() -> ::hyper::header::Headers {
[INFO] [stdout]     |                                      ^^^^^^^ not found in `hyper::header`
[INFO] [stdout] 
[INFO] [stdout] 
[INFO] [stdout] error[E0423]: expected function, tuple struct or tuple variant, found struct `UniCase`
[INFO] [stdout]    --> src/main.rs:259:44
[INFO] [stdout]     |
[INFO] [stdout] 259 |             AccessControlAllowHeaders(vec![UniCase("date".to_owned())])
[INFO] [stdout]     |                                            ^^^^^^^ constructor is not visible here due to private fields
[INFO] [stdout] 
[INFO] [stdout] 
[INFO] [stdout] error[E0412]: cannot find type `Headers` in module `hyper::header`
[INFO] [stdout]    --> src/main.rs:266:38
[INFO] [stdout]     |
[INFO] [stdout] 266 |     pub fn ex2() -> ::hyper::header::Headers {
[INFO] [stdout]     |                                      ^^^^^^^ not found in `hyper::header`
[INFO] [stdout] 
[INFO] [stdout] 
[INFO] [stdout] error[E0423]: expected function, tuple struct or tuple variant, found struct `UniCase`
[INFO] [stdout]    --> src/main.rs:273:17
[INFO] [stdout]     |
[INFO] [stdout] 273 |                 UniCase("accept-language".to_owned()),
[INFO] [stdout]     |                 ^^^^^^^ constructor is not visible here due to private fields
[INFO] [stdout] 
[INFO] [stdout] 
[INFO] [stdout] error[E0423]: expected function, tuple struct or tuple variant, found struct `UniCase`
[INFO] [stdout]    --> src/main.rs:274:17
[INFO] [stdout]     |
[INFO] [stdout] 274 |                 UniCase("date".to_owned()),
[INFO] [stdout]     |                 ^^^^^^^ constructor is not visible here due to private fields
[INFO] [stdout] 
[INFO] [stdout] 
[INFO] [stdout] error[E0412]: cannot find type `Headers` in module `hyper::header`
[INFO] [stdout]    --> src/main.rs:285:38
[INFO] [stdout]     |
[INFO] [stdout] 285 |     pub fn ex1() -> ::hyper::header::Headers {
[INFO] [stdout]     |                                      ^^^^^^^ not found in `hyper::header`
[INFO] [stdout] 
[INFO] [stdout] 
[INFO] [stdout] error[E0412]: cannot find type `Headers` in module `hyper::header`
[INFO] [stdout]    --> src/main.rs:298:38
[INFO] [stdout]     |
[INFO] [stdout] 298 |     pub fn ex2() -> ::hyper::header::Headers {
[INFO] [stdout]     |                                      ^^^^^^^ not found in `hyper::header`
[INFO] [stdout] 
[INFO] [stdout] 
[INFO] [stdout] error[E0412]: cannot find type `Headers` in module `hyper::header`
[INFO] [stdout]    --> src/main.rs:319:38
[INFO] [stdout]     |
[INFO] [stdout] 319 |     pub fn ex1() -> ::hyper::header::Headers {
[INFO] [stdout]     |                                      ^^^^^^^ not found in `hyper::header`
[INFO] [stdout] 
[INFO] [stdout] 
[INFO] [stdout] error[E0412]: cannot find type `Headers` in module `hyper::header`
[INFO] [stdout]    --> src/main.rs:331:38
[INFO] [stdout]     |
[INFO] [stdout] 331 |     pub fn ex2() -> ::hyper::header::Headers {
[INFO] [stdout]     |                                      ^^^^^^^ not found in `hyper::header`
[INFO] [stdout] 
[INFO] [stdout] 
[INFO] [stdout] error[E0412]: cannot find type `Headers` in module `hyper::header`
[INFO] [stdout]    --> src/main.rs:343:38
[INFO] [stdout]     |
[INFO] [stdout] 343 |     pub fn ex3() -> ::hyper::header::Headers {
[INFO] [stdout]     |                                      ^^^^^^^ not found in `hyper::header`
[INFO] [stdout] 
[INFO] [stdout] 
[INFO] [stdout] error[E0412]: cannot find type `Headers` in module `hyper::header`
[INFO] [stdout]    --> src/main.rs:359:38
[INFO] [stdout]     |
[INFO] [stdout] 359 |     pub fn ex1() -> ::hyper::header::Headers {
[INFO] [stdout]     |                                      ^^^^^^^ not found in `hyper::header`
[INFO] [stdout] 
[INFO] [stdout] 
[INFO] [stdout] error[E0412]: cannot find type `Headers` in module `hyper::header`
[INFO] [stdout]    --> src/main.rs:372:38
[INFO] [stdout]     |
[INFO] [stdout] 372 |     pub fn ex1() -> ::hyper::header::Headers {
[INFO] [stdout]     |                                      ^^^^^^^ not found in `hyper::header`
[INFO] [stdout] 
[INFO] [stdout] 
[INFO] [stdout] error[E0423]: expected function, tuple struct or tuple variant, found struct `UniCase`
[INFO] [stdout]    --> src/main.rs:378:46
[INFO] [stdout]     |
[INFO] [stdout] 378 |             AccessControlRequestHeaders(vec![UniCase("date".to_owned())])
[INFO] [stdout]     |                                              ^^^^^^^ constructor is not visible here due to private fields
[INFO] [stdout] 
[INFO] [stdout] 
[INFO] [stdout] error[E0412]: cannot find type `Headers` in module `hyper::header`
[INFO] [stdout]    --> src/main.rs:385:38
[INFO] [stdout]     |
[INFO] [stdout] 385 |     pub fn ex2() -> ::hyper::header::Headers {
[INFO] [stdout]     |                                      ^^^^^^^ not found in `hyper::header`
[INFO] [stdout] 
[INFO] [stdout] 
[INFO] [stdout] error[E0423]: expected function, tuple struct or tuple variant, found struct `UniCase`
[INFO] [stdout]    --> src/main.rs:392:17
[INFO] [stdout]     |
[INFO] [stdout] 392 |                 UniCase("accept-language".to_owned()),
[INFO] [stdout]     |                 ^^^^^^^ constructor is not visible here due to private fields
[INFO] [stdout] 
[INFO] [stdout] 
[INFO] [stdout] error[E0423]: expected function, tuple struct or tuple variant, found struct `UniCase`
[INFO] [stdout]    --> src/main.rs:393:17
[INFO] [stdout]     |
[INFO] [stdout] 393 |                 UniCase("date".to_owned()),
[INFO] [stdout]     |                 ^^^^^^^ constructor is not visible here due to private fields
[INFO] [stdout] 
[INFO] [stdout] 
[INFO] [stdout] error[E0412]: cannot find type `Headers` in module `hyper::header`
[INFO] [stdout]    --> src/main.rs:404:38
[INFO] [stdout]     |
[INFO] [stdout] 404 |     pub fn ex1() -> ::hyper::header::Headers {
[INFO] [stdout]     |                                      ^^^^^^^ not found in `hyper::header`
[INFO] [stdout] 
[INFO] [stdout] 
[INFO] [stdout] error[E0412]: cannot find type `Headers` in module `hyper::header`
[INFO] [stdout]    --> src/main.rs:418:38
[INFO] [stdout]     |
[INFO] [stdout] 418 |     pub fn ex1() -> ::hyper::header::Headers {
[INFO] [stdout]     |                                      ^^^^^^^ not found in `hyper::header`
[INFO] [stdout] 
[INFO] [stdout] 
[INFO] [stdout] error[E0412]: cannot find type `Headers` in module `hyper::header`
[INFO] [stdout]    --> src/main.rs:431:38
[INFO] [stdout]     |
[INFO] [stdout] 431 |     pub fn ex2() -> ::hyper::header::Headers {
[INFO] [stdout]     |                                      ^^^^^^^ not found in `hyper::header`
[INFO] [stdout] 
[INFO] [stdout] 
[INFO] [stdout] error[E0412]: cannot find type `Headers` in module `hyper::header`
[INFO] [stdout]    --> src/main.rs:452:38
[INFO] [stdout]     |
[INFO] [stdout] 452 |     pub fn ex1() -> ::hyper::header::Headers {
[INFO] [stdout]     |                                      ^^^^^^^ not found in `hyper::header`
[INFO] [stdout] 
[INFO] [stdout] 
[INFO] [stdout] error[E0412]: cannot find type `Headers` in module `hyper::header`
[INFO] [stdout]    --> src/main.rs:462:38
[INFO] [stdout]     |
[INFO] [stdout] 462 |     pub fn ex2() -> ::hyper::header::Headers {
[INFO] [stdout]     |                                      ^^^^^^^ not found in `hyper::header`
[INFO] [stdout] 
[INFO] [stdout] 
[INFO] [stdout] error[E0412]: cannot find type `Headers` in module `hyper::header`
[INFO] [stdout]    --> src/main.rs:482:38
[INFO] [stdout]     |
[INFO] [stdout] 482 |     pub fn ex1() -> ::hyper::header::Headers {
[INFO] [stdout]     |                                      ^^^^^^^ not found in `hyper::header`
[INFO] [stdout] 
[INFO] [stdout] 
[INFO] [stdout] error[E0412]: cannot find type `Headers` in module `hyper::header`
[INFO] [stdout]    --> src/main.rs:494:38
[INFO] [stdout]     |
[INFO] [stdout] 494 |     pub fn ex2() -> ::hyper::header::Headers {
[INFO] [stdout]     |                                      ^^^^^^^ not found in `hyper::header`
[INFO] [stdout] 
[INFO] [stdout] 
[INFO] [stdout] error[E0412]: cannot find type `Headers` in module `hyper::header`
[INFO] [stdout]    --> src/main.rs:515:38
[INFO] [stdout]     |
[INFO] [stdout] 515 |     pub fn ex1() -> ::hyper::header::Headers {
[INFO] [stdout]     |                                      ^^^^^^^ not found in `hyper::header`
[INFO] [stdout] 
[INFO] [stdout] 
[INFO] [stdout] error[E0412]: cannot find type `Headers` in module `hyper::header`
[INFO] [stdout]    --> src/main.rs:525:38
[INFO] [stdout]     |
[INFO] [stdout] 525 |     pub fn ex2() -> ::hyper::header::Headers {
[INFO] [stdout]     |                                      ^^^^^^^ not found in `hyper::header`
[INFO] [stdout] 
[INFO] [stdout] 
[INFO] [stdout] error[E0423]: expected function, tuple struct or tuple variant, found struct `UniCase`
[INFO] [stdout]    --> src/main.rs:532:52
[INFO] [stdout]     |
[INFO] [stdout] 532 |                 ConnectionOption::ConnectionHeader(UniCase("upgrade".to_owned())),
[INFO] [stdout]     |                                                    ^^^^^^^ constructor is not visible here due to private fields
[INFO] [stdout] 
[INFO] [stdout] 
[INFO] [stdout] error[E0412]: cannot find type `Headers` in module `hyper::header`
[INFO] [stdout]    --> src/main.rs:543:38
[INFO] [stdout]     |
[INFO] [stdout] 543 |     pub fn ex1() -> ::hyper::header::Headers {
[INFO] [stdout]     |                                      ^^^^^^^ not found in `hyper::header`
[INFO] [stdout] 
[INFO] [stdout] 
[INFO] [stdout] error[E0412]: cannot find type `Headers` in module `hyper::header`
[INFO] [stdout]    --> src/main.rs:553:38
[INFO] [stdout]     |
[INFO] [stdout] 553 |     pub fn ex2() -> ::hyper::header::Headers {
[INFO] [stdout]     |                                      ^^^^^^^ not found in `hyper::header`
[INFO] [stdout] 
[INFO] [stdout] 
[INFO] [stdout] error[E0412]: cannot find type `Headers` in module `hyper::header`
[INFO] [stdout]    --> src/main.rs:571:38
[INFO] [stdout]     |
[INFO] [stdout] 571 |     pub fn ex1() -> ::hyper::header::Headers {
[INFO] [stdout]     |                                      ^^^^^^^ not found in `hyper::header`
[INFO] [stdout] 
[INFO] [stdout] 
[INFO] [stdout] error[E0412]: cannot find type `Headers` in module `hyper::header`
[INFO] [stdout]    --> src/main.rs:590:38
[INFO] [stdout]     |
[INFO] [stdout] 590 |     pub fn ex2() -> ::hyper::header::Headers {
[INFO] [stdout]     |                                      ^^^^^^^ not found in `hyper::header`
[INFO] [stdout] 
[INFO] [stdout] 
[INFO] [stdout] error[E0412]: cannot find type `Headers` in module `hyper::header`
[INFO] [stdout]    --> src/main.rs:618:38
[INFO] [stdout]     |
[INFO] [stdout] 618 |     pub fn ex1() -> ::hyper::header::Headers {
[INFO] [stdout]     |                                      ^^^^^^^ not found in `hyper::header`
[INFO] [stdout] 
[INFO] [stdout] 
[INFO] [stdout] error[E0412]: cannot find type `Headers` in module `hyper::header`
[INFO] [stdout]    --> src/main.rs:631:38
[INFO] [stdout]     |
[INFO] [stdout] 631 |     pub fn ex1() -> ::hyper::header::Headers {
[INFO] [stdout]     |                                      ^^^^^^^ not found in `hyper::header`
[INFO] [stdout] 
[INFO] [stdout] 
[INFO] [stdout] error[E0412]: cannot find type `Headers` in module `hyper::header`
[INFO] [stdout]    --> src/main.rs:645:38
[INFO] [stdout]     |
[INFO] [stdout] 645 |     pub fn ex2() -> ::hyper::header::Headers {
[INFO] [stdout]     |                                      ^^^^^^^ not found in `hyper::header`
[INFO] [stdout] 
[INFO] [stdout] 
[INFO] [stdout] error[E0412]: cannot find type `Headers` in module `hyper::header`
[INFO] [stdout]    --> src/main.rs:663:38
[INFO] [stdout]     |
[INFO] [stdout] 663 |     pub fn ex1() -> ::hyper::header::Headers {
[INFO] [stdout]     |                                      ^^^^^^^ not found in `hyper::header`
[INFO] [stdout] 
[INFO] [stdout] 
[INFO] [stdout] error[E0412]: cannot find type `Headers` in module `hyper::header`
[INFO] [stdout]    --> src/main.rs:682:38
[INFO] [stdout]     |
[INFO] [stdout] 682 |     pub fn ex1() -> ::hyper::header::Headers {
[INFO] [stdout]     |                                      ^^^^^^^ not found in `hyper::header`
[INFO] [stdout] 
[INFO] [stdout] 
[INFO] [stdout] error[E0425]: cannot find function `now` in crate `time`
[INFO] [stdout]    --> src/main.rs:687:41
[INFO] [stdout]     |
[INFO] [stdout] 687 |         headers.set(Date(HttpDate(time::now())));
[INFO] [stdout]     |                                         ^^^ not found in `time`
[INFO] [stdout] 
[INFO] [stdout] 
[INFO] [stdout] error[E0412]: cannot find type `Headers` in module `hyper::header`
[INFO] [stdout]    --> src/main.rs:696:38
[INFO] [stdout]     |
[INFO] [stdout] 696 |     pub fn ex1() -> ::hyper::header::Headers {
[INFO] [stdout]     |                                      ^^^^^^^ not found in `hyper::header`
[INFO] [stdout] 
[INFO] [stdout] 
[INFO] [stdout] error[E0412]: cannot find type `Headers` in module `hyper::header`
[INFO] [stdout]    --> src/main.rs:706:38
[INFO] [stdout]     |
[INFO] [stdout] 706 |     pub fn ex2() -> ::hyper::header::Headers {
[INFO] [stdout]     |                                      ^^^^^^^ not found in `hyper::header`
[INFO] [stdout] 
[INFO] [stdout] 
[INFO] [stdout] error[E0412]: cannot find type `Headers` in module `hyper::header`
[INFO] [stdout]    --> src/main.rs:719:38
[INFO] [stdout]     |
[INFO] [stdout] 719 |     pub fn ex1() -> ::hyper::header::Headers {
[INFO] [stdout]     |                                      ^^^^^^^ not found in `hyper::header`
[INFO] [stdout] 
[INFO] [stdout] 
[INFO] [stdout] error[E0412]: cannot find type `Headers` in module `hyper::header`
[INFO] [stdout]    --> src/main.rs:732:38
[INFO] [stdout]     |
[INFO] [stdout] 732 |     pub fn ex1() -> ::hyper::header::Headers {
[INFO] [stdout]     |                                      ^^^^^^^ not found in `hyper::header`
[INFO] [stdout] 
[INFO] [stdout] 
[INFO] [stdout] error[E0425]: cannot find function `now` in crate `time`
[INFO] [stdout]    --> src/main.rs:737:44
[INFO] [stdout]     |
[INFO] [stdout] 737 |         headers.set(Expires(HttpDate(time::now() + Duration::days(1))));
[INFO] [stdout]     |                                            ^^^ not found in `time`
[INFO] [stdout] 
[INFO] [stdout] 
[INFO] [stdout] error[E0412]: cannot find type `Headers` in module `hyper::header`
[INFO] [stdout]    --> src/main.rs:746:38
[INFO] [stdout]     |
[INFO] [stdout] 746 |     pub fn ex1() -> ::hyper::header::Headers {
[INFO] [stdout]     |                                      ^^^^^^^ not found in `hyper::header`
[INFO] [stdout] 
[INFO] [stdout] 
[INFO] [stdout] error[E0412]: cannot find type `Headers` in module `hyper::header`
[INFO] [stdout]    --> src/main.rs:759:38
[INFO] [stdout]     |
[INFO] [stdout] 759 |     pub fn ex1() -> ::hyper::header::Headers {
[INFO] [stdout]     |                                      ^^^^^^^ not found in `hyper::header`
[INFO] [stdout] 
[INFO] [stdout] 
[INFO] [stdout] error[E0412]: cannot find type `Headers` in module `hyper::header`
[INFO] [stdout]    --> src/main.rs:774:38
[INFO] [stdout]     |
[INFO] [stdout] 774 |     pub fn ex2() -> ::hyper::header::Headers {
[INFO] [stdout]     |                                      ^^^^^^^ not found in `hyper::header`
[INFO] [stdout] 
[INFO] [stdout] 
[INFO] [stdout] error[E0412]: cannot find type `Headers` in module `hyper::header`
[INFO] [stdout]    --> src/main.rs:792:38
[INFO] [stdout]     |
[INFO] [stdout] 792 |     pub fn ex1() -> ::hyper::header::Headers {
[INFO] [stdout]     |                                      ^^^^^^^ not found in `hyper::header`
[INFO] [stdout] 
[INFO] [stdout] 
[INFO] [stdout] error[E0412]: cannot find type `Headers` in module `hyper::header`
[INFO] [stdout]    --> src/main.rs:802:38
[INFO] [stdout]     |
[INFO] [stdout] 802 |     pub fn ex2() -> ::hyper::header::Headers {
[INFO] [stdout]     |                                      ^^^^^^^ not found in `hyper::header`
[INFO] [stdout] 
[INFO] [stdout] 
[INFO] [stdout] error[E0412]: cannot find type `Headers` in module `hyper::header`
[INFO] [stdout]    --> src/main.rs:821:38
[INFO] [stdout]     |
[INFO] [stdout] 821 |     pub fn ex1() -> ::hyper::header::Headers {
[INFO] [stdout]     |                                      ^^^^^^^ not found in `hyper::header`
[INFO] [stdout] 
[INFO] [stdout] 
[INFO] [stdout] error[E0425]: cannot find function `now` in crate `time`
[INFO] [stdout]    --> src/main.rs:826:52
[INFO] [stdout]     |
[INFO] [stdout] 826 |         headers.set(IfModifiedSince(HttpDate(time::now() - Duration::days(1))));
[INFO] [stdout]     |                                                    ^^^ not found in `time`
[INFO] [stdout] 
[INFO] [stdout] 
[INFO] [stdout] error[E0412]: cannot find type `Headers` in module `hyper::header`
[INFO] [stdout]    --> src/main.rs:835:38
[INFO] [stdout]     |
[INFO] [stdout] 835 |     pub fn ex1() -> ::hyper::header::Headers {
[INFO] [stdout]     |                                      ^^^^^^^ not found in `hyper::header`
[INFO] [stdout] 
[INFO] [stdout] 
[INFO] [stdout] error[E0412]: cannot find type `Headers` in module `hyper::header`
[INFO] [stdout]    --> src/main.rs:845:38
[INFO] [stdout]     |
[INFO] [stdout] 845 |     pub fn ex2() -> ::hyper::header::Headers {
[INFO] [stdout]     |                                      ^^^^^^^ not found in `hyper::header`
[INFO] [stdout] 
[INFO] [stdout] 
[INFO] [stdout] error[E0412]: cannot find type `Headers` in module `hyper::header`
[INFO] [stdout]    --> src/main.rs:864:38
[INFO] [stdout]     |
[INFO] [stdout] 864 |     pub fn ex1() -> ::hyper::header::Headers {
[INFO] [stdout]     |                                      ^^^^^^^ not found in `hyper::header`
[INFO] [stdout] 
[INFO] [stdout] 
[INFO] [stdout] error[E0425]: cannot find function `now` in crate `time`
[INFO] [stdout]    --> src/main.rs:869:50
[INFO] [stdout]     |
[INFO] [stdout] 869 |         headers.set(IfRange::Date(HttpDate(time::now() - Duration::days(1))));
[INFO] [stdout]     |                                                  ^^^ not found in `time`
[INFO] [stdout] 
[INFO] [stdout] 
[INFO] [stdout] error[E0412]: cannot find type `Headers` in module `hyper::header`
[INFO] [stdout]    --> src/main.rs:875:38
[INFO] [stdout]     |
[INFO] [stdout] 875 |     pub fn ex2() -> ::hyper::header::Headers {
[INFO] [stdout]     |                                      ^^^^^^^ not found in `hyper::header`
[INFO] [stdout] 
[INFO] [stdout] 
[INFO] [stdout] error[E0412]: cannot find type `Headers` in module `hyper::header`
[INFO] [stdout]    --> src/main.rs:888:38
[INFO] [stdout]     |
[INFO] [stdout] 888 |     pub fn ex1() -> ::hyper::header::Headers {
[INFO] [stdout]     |                                      ^^^^^^^ not found in `hyper::header`
[INFO] [stdout] 
[INFO] [stdout] 
[INFO] [stdout] error[E0425]: cannot find function `now` in crate `time`
[INFO] [stdout]    --> src/main.rs:893:54
[INFO] [stdout]     |
[INFO] [stdout] 893 |         headers.set(IfUnmodifiedSince(HttpDate(time::now() - Duration::days(1))));
[INFO] [stdout]     |                                                      ^^^ not found in `time`
[INFO] [stdout] 
[INFO] [stdout] 
[INFO] [stdout] error[E0412]: cannot find type `Headers` in module `hyper::header`
[INFO] [stdout]    --> src/main.rs:902:38
[INFO] [stdout]     |
[INFO] [stdout] 902 |     pub fn ex1() -> ::hyper::header::Headers {
[INFO] [stdout]     |                                      ^^^^^^^ not found in `hyper::header`
[INFO] [stdout] 
[INFO] [stdout] 
[INFO] [stdout] error[E0425]: cannot find function `now` in crate `time`
[INFO] [stdout]    --> src/main.rs:907:49
[INFO] [stdout]     |
[INFO] [stdout] 907 |         headers.set(LastModified(HttpDate(time::now() - Duration::days(1))));
[INFO] [stdout]     |                                                 ^^^ not found in `time`
[INFO] [stdout] 
[INFO] [stdout] 
[INFO] [stdout] error[E0412]: cannot find type `Headers` in module `hyper::header`
[INFO] [stdout]    --> src/main.rs:916:38
[INFO] [stdout]     |
[INFO] [stdout] 916 |     pub fn ex1() -> ::hyper::header::Headers {
[INFO] [stdout]     |                                      ^^^^^^^ not found in `hyper::header`
[INFO] [stdout] 
[INFO] [stdout] 
[INFO] [stdout] error[E0412]: cannot find type `Headers` in module `hyper::header`
[INFO] [stdout]    --> src/main.rs:926:38
[INFO] [stdout]     |
[INFO] [stdout] 926 |     pub fn ex2() -> ::hyper::header::Headers {
[INFO] [stdout]     |                                      ^^^^^^^ not found in `hyper::header`
[INFO] [stdout] 
[INFO] [stdout] 
[INFO] [stdout] error[E0412]: cannot find type `Headers` in module `hyper::header`
[INFO] [stdout]    --> src/main.rs:939:38
[INFO] [stdout]     |
[INFO] [stdout] 939 |     pub fn ex1() -> ::hyper::header::Headers {
[INFO] [stdout]     |                                      ^^^^^^^ not found in `hyper::header`
[INFO] [stdout] 
[INFO] [stdout] 
[INFO] [stdout] error[E0412]: cannot find type `Headers` in module `hyper::header`
[INFO] [stdout]    --> src/main.rs:949:38
[INFO] [stdout]     |
[INFO] [stdout] 949 |     pub fn ex2() -> ::hyper::header::Headers {
[INFO] [stdout]     |                                      ^^^^^^^ not found in `hyper::header`
[INFO] [stdout] 
[INFO] [stdout] 
[INFO] [stdout] error[E0412]: cannot find type `Headers` in module `hyper::header`
[INFO] [stdout]    --> src/main.rs:962:38
[INFO] [stdout]     |
[INFO] [stdout] 962 |     pub fn ex1() -> ::hyper::header::Headers {
[INFO] [stdout]     |                                      ^^^^^^^ not found in `hyper::header`
[INFO] [stdout] 
[INFO] [stdout] 
[INFO] [stdout] error[E0412]: cannot find type `Headers` in module `hyper::header`
[INFO] [stdout]    --> src/main.rs:972:38
[INFO] [stdout]     |
[INFO] [stdout] 972 |     pub fn ex2() -> ::hyper::header::Headers {
[INFO] [stdout]     |                                      ^^^^^^^ not found in `hyper::header`
[INFO] [stdout] 
[INFO] [stdout] 
[INFO] [stdout] error[E0412]: cannot find type `Headers` in module `hyper::header`
[INFO] [stdout]    --> src/main.rs:985:38
[INFO] [stdout]     |
[INFO] [stdout] 985 |     pub fn ex1() -> ::hyper::header::Headers {
[INFO] [stdout]     |                                      ^^^^^^^ not found in `hyper::header`
[INFO] [stdout] 
[INFO] [stdout] 
[INFO] [stdout] error[E0412]: cannot find type `Headers` in module `hyper::header`
[INFO] [stdout]    --> src/main.rs:998:38
[INFO] [stdout]     |
[INFO] [stdout] 998 |     pub fn ex1() -> ::hyper::header::Headers {
[INFO] [stdout]     |                                      ^^^^^^^ not found in `hyper::header`
[INFO] [stdout] 
[INFO] [stdout] 
[INFO] [stdout] error[E0412]: cannot find type `Headers` in module `hyper::header`
[INFO] [stdout]     --> src/main.rs:1022:38
[INFO] [stdout]      |
[INFO] [stdout] 1022 |     pub fn ex1() -> ::hyper::header::Headers {
[INFO] [stdout]      |                                      ^^^^^^^ not found in `hyper::header`
[INFO] [stdout] 
[INFO] [stdout] 
[INFO] [stdout] error[E0412]: cannot find type `Headers` in module `hyper::header`
[INFO] [stdout]     --> src/main.rs:1040:38
[INFO] [stdout]      |
[INFO] [stdout] 1040 |     pub fn ex1() -> ::hyper::header::Headers {
[INFO] [stdout]      |                                      ^^^^^^^ not found in `hyper::header`
[INFO] [stdout] 
[INFO] [stdout] 
[INFO] [stdout] error[E0412]: cannot find type `Headers` in module `hyper::header`
[INFO] [stdout]     --> src/main.rs:1050:38
[INFO] [stdout]      |
[INFO] [stdout] 1050 |     pub fn ex2() -> ::hyper::header::Headers {
[INFO] [stdout]      |                                      ^^^^^^^ not found in `hyper::header`
[INFO] [stdout] 
[INFO] [stdout] 
[INFO] [stdout] error[E0412]: cannot find type `Headers` in module `hyper::header`
[INFO] [stdout]     --> src/main.rs:1070:38
[INFO] [stdout]      |
[INFO] [stdout] 1070 |     pub fn ex1() -> ::hyper::header::Headers {
[INFO] [stdout]      |                                      ^^^^^^^ not found in `hyper::header`
[INFO] [stdout] 
[INFO] [stdout] 
[INFO] [stdout] error[E0412]: cannot find type `Headers` in module `hyper::header`
[INFO] [stdout]     --> src/main.rs:1083:38
[INFO] [stdout]      |
[INFO] [stdout] 1083 |     pub fn ex1() -> ::hyper::header::Headers {
[INFO] [stdout]      |                                      ^^^^^^^ not found in `hyper::header`
[INFO] [stdout] 
[INFO] [stdout] 
[INFO] [stdout] error[E0412]: cannot find type `Headers` in module `hyper::header`
[INFO] [stdout]     --> src/main.rs:1093:38
[INFO] [stdout]      |
[INFO] [stdout] 1093 |     pub fn ex2() -> ::hyper::header::Headers {
[INFO] [stdout]      |                                      ^^^^^^^ not found in `hyper::header`
[INFO] [stdout] 
[INFO] [stdout] 
[INFO] [stdout] error[E0423]: expected function, tuple struct or tuple variant, found struct `UniCase`
[INFO] [stdout]     --> src/main.rs:1100:17
[INFO] [stdout]      |
[INFO] [stdout] 1100 |                 UniCase("accept-encoding".to_owned()),
[INFO] [stdout]      |                 ^^^^^^^ constructor is not visible here due to private fields
[INFO] [stdout] 
[INFO] [stdout] 
[INFO] [stdout] error[E0423]: expected function, tuple struct or tuple variant, found struct `UniCase`
[INFO] [stdout]     --> src/main.rs:1101:17
[INFO] [stdout]      |
[INFO] [stdout] 1101 |                 UniCase("accept-language".to_owned()),
[INFO] [stdout]      |                 ^^^^^^^ constructor is not visible here due to private fields
[INFO] [stdout] 
[INFO] [stdout] 
[INFO] [stdout] warning: the item `time` is imported redundantly
[INFO] [stdout]    --> src/main.rs:684:13
[INFO] [stdout]     |
[INFO] [stdout] 2   | extern crate time;
[INFO] [stdout]     | ------------------ the item `time` is already imported here
[INFO] [stdout] ...
[INFO] [stdout] 684 |         use time;
[INFO] [stdout]     |             ^^^^
[INFO] [stdout]     |
[INFO] [stdout]     = note: `#[warn(unused_imports)]` on by default
[INFO] [stdout] 
[INFO] [stdout] 
[INFO] [stdout] warning: the item `time` is imported redundantly
[INFO] [stdout]    --> src/main.rs:734:20
[INFO] [stdout]     |
[INFO] [stdout] 2   | extern crate time;
[INFO] [stdout]     | ------------------ the item `time` is already imported here
[INFO] [stdout] ...
[INFO] [stdout] 734 |         use time::{self, Duration};
[INFO] [stdout]     |                    ^^^^
[INFO] [stdout] 
[INFO] [stdout] 
[INFO] [stdout] warning: the item `time` is imported redundantly
[INFO] [stdout]    --> src/main.rs:823:20
[INFO] [stdout]     |
[INFO] [stdout] 2   | extern crate time;
[INFO] [stdout]     | ------------------ the item `time` is already imported here
[INFO] [stdout] ...
[INFO] [stdout] 823 |         use time::{self, Duration};
[INFO] [stdout]     |                    ^^^^
[INFO] [stdout] 
[INFO] [stdout] 
[INFO] [stdout] warning: the item `time` is imported redundantly
[INFO] [stdout]    --> src/main.rs:866:20
[INFO] [stdout]     |
[INFO] [stdout] 2   | extern crate time;
[INFO] [stdout]     | ------------------ the item `time` is already imported here
[INFO] [stdout] ...
[INFO] [stdout] 866 |         use time::{self, Duration};
[INFO] [stdout]     |                    ^^^^
[INFO] [stdout] 
[INFO] [stdout] 
[INFO] [stdout] warning: the item `time` is imported redundantly
[INFO] [stdout]    --> src/main.rs:890:20
[INFO] [stdout]     |
[INFO] [stdout] 2   | extern crate time;
[INFO] [stdout]     | ------------------ the item `time` is already imported here
[INFO] [stdout] ...
[INFO] [stdout] 890 |         use time::{self, Duration};
[INFO] [stdout]     |                    ^^^^
[INFO] [stdout] 
[INFO] [stdout] 
[INFO] [stdout] warning: the item `time` is imported redundantly
[INFO] [stdout]    --> src/main.rs:904:20
[INFO] [stdout]     |
[INFO] [stdout] 2   | extern crate time;
[INFO] [stdout]     | ------------------ the item `time` is already imported here
[INFO] [stdout] ...
[INFO] [stdout] 904 |         use time::{self, Duration};
[INFO] [stdout]     |                    ^^^^
[INFO] [stdout] 
[INFO] [stdout] 
[INFO] [stdout] error[E0412]: cannot find type `Headers` in module `hyper::header`
[INFO] [stdout]   --> src/main.rs:13:38
[INFO] [stdout]    |
[INFO] [stdout] 13 |     pub fn ex1() -> ::hyper::header::Headers {
[INFO] [stdout]    |                                      ^^^^^^^ not found in `hyper::header`
[INFO] [stdout] 
[INFO] [stdout] 
[INFO] [stdout] error[E0412]: cannot find type `Headers` in module `hyper::header`
[INFO] [stdout]   --> src/main.rs:29:38
[INFO] [stdout]    |
[INFO] [stdout] 29 |     pub fn ex2() -> ::hyper::header::Headers {
[INFO] [stdout]    |                                      ^^^^^^^ not found in `hyper::header`
[INFO] [stdout] 
[INFO] [stdout] 
[INFO] [stdout] error[E0412]: cannot find type `Headers` in module `hyper::header`
[INFO] [stdout]   --> src/main.rs:45:38
[INFO] [stdout]    |
[INFO] [stdout] 45 |     pub fn ex3() -> ::hyper::header::Headers {
[INFO] [stdout]    |                                      ^^^^^^^ not found in `hyper::header`
[INFO] [stdout] 
[INFO] [stdout] 
[INFO] [stdout] error[E0412]: cannot find type `Headers` in module `hyper::header`
[INFO] [stdout]   --> src/main.rs:70:38
[INFO] [stdout]    |
[INFO] [stdout] 70 |     pub fn ex1() -> ::hyper::header::Headers {
[INFO] [stdout]    |                                      ^^^^^^^ not found in `hyper::header`
[INFO] [stdout] 
[INFO] [stdout] 
[INFO] [stdout] error[E0412]: cannot find type `Headers` in module `hyper::header`
[INFO] [stdout]   --> src/main.rs:82:38
[INFO] [stdout]    |
[INFO] [stdout] 82 |     pub fn ex2() -> ::hyper::header::Headers {
[INFO] [stdout]    |                                      ^^^^^^^ not found in `hyper::header`
[INFO] [stdout] 
[INFO] [stdout] 
[INFO] [stdout] error[E0412]: cannot find type `Headers` in module `hyper::header`
[INFO] [stdout]   --> src/main.rs:97:38
[INFO] [stdout]    |
[INFO] [stdout] 97 |     pub fn ex3() -> ::hyper::header::Headers {
[INFO] [stdout]    |                                      ^^^^^^^ not found in `hyper::header`
[INFO] [stdout] 
[INFO] [stdout] 
[INFO] [stdout] error[E0412]: cannot find type `Headers` in module `hyper::header`
[INFO] [stdout]    --> src/main.rs:112:38
[INFO] [stdout]     |
[INFO] [stdout] 112 |     pub fn ex1() -> ::hyper::header::Headers {
[INFO] [stdout]     |                                      ^^^^^^^ not found in `hyper::header`
[INFO] [stdout] 
[INFO] [stdout] 
[INFO] [stdout] error[E0412]: cannot find type `Headers` in module `hyper::header`
[INFO] [stdout]    --> src/main.rs:124:38
[INFO] [stdout]     |
[INFO] [stdout] 124 |     pub fn ex2() -> ::hyper::header::Headers {
[INFO] [stdout]     |                                      ^^^^^^^ not found in `hyper::header`
[INFO] [stdout] 
[INFO] [stdout] 
[INFO] [stdout] error[E0412]: cannot find type `Headers` in module `hyper::header`
[INFO] [stdout]    --> src/main.rs:140:38
[INFO] [stdout]     |
[INFO] [stdout] 140 |     pub fn ex3() -> ::hyper::header::Headers {
[INFO] [stdout]     |                                      ^^^^^^^ not found in `hyper::header`
[INFO] [stdout] 
[INFO] [stdout] 
[INFO] [stdout] error[E0412]: cannot find type `Headers` in module `hyper::header`
[INFO] [stdout]    --> src/main.rs:159:38
[INFO] [stdout]     |
[INFO] [stdout] 159 |     pub fn ex1() -> ::hyper::header::Headers {
[INFO] [stdout]     |                                      ^^^^^^^ not found in `hyper::header`
[INFO] [stdout] 
[INFO] [stdout] 
[INFO] [stdout] error[E0412]: cannot find type `Headers` in module `hyper::header`
[INFO] [stdout]    --> src/main.rs:178:38
[INFO] [stdout]     |
[INFO] [stdout] 178 |     pub fn ex2() -> ::hyper::header::Headers {
[INFO] [stdout]     |                                      ^^^^^^^ not found in `hyper::header`
[INFO] [stdout] 
[INFO] [stdout] 
[INFO] [stdout] error[E0412]: cannot find type `Headers` in module `hyper::header`
[INFO] [stdout]    --> src/main.rs:213:38
[INFO] [stdout]     |
[INFO] [stdout] 213 |     pub fn ex1() -> ::hyper::header::Headers {
[INFO] [stdout]     |                                      ^^^^^^^ not found in `hyper::header`
[INFO] [stdout] 
[INFO] [stdout] 
[INFO] [stdout] error[E0412]: cannot find type `Headers` in module `hyper::header`
[INFO] [stdout]    --> src/main.rs:223:38
[INFO] [stdout]     |
[INFO] [stdout] 223 |     pub fn ex2() -> ::hyper::header::Headers {
[INFO] [stdout]     |                                      ^^^^^^^ not found in `hyper::header`
[INFO] [stdout] 
[INFO] [stdout] 
[INFO] [stdout] error[E0412]: cannot find type `Headers` in module `hyper::header`
[INFO] [stdout]    --> src/main.rs:233:38
[INFO] [stdout]     |
[INFO] [stdout] 233 |     pub fn ex3() -> ::hyper::header::Headers {
[INFO] [stdout]     |                                      ^^^^^^^ not found in `hyper::header`
[INFO] [stdout] 
[INFO] [stdout] 
[INFO] [stdout] error[E0412]: cannot find type `Headers` in module `hyper::header`
[INFO] [stdout]    --> src/main.rs:253:38
[INFO] [stdout]     |
[INFO] [stdout] 253 |     pub fn ex1() -> ::hyper::header::Headers {
[INFO] [stdout]     |                                      ^^^^^^^ not found in `hyper::header`
[INFO] [stdout] 
[INFO] [stdout] 
[INFO] [stdout] error[E0423]: expected function, tuple struct or tuple variant, found struct `UniCase`
[INFO] [stdout]    --> src/main.rs:259:44
[INFO] [stdout]     |
[INFO] [stdout] 259 |             AccessControlAllowHeaders(vec![UniCase("date".to_owned())])
[INFO] [stdout]     |                                            ^^^^^^^ constructor is not visible here due to private fields
[INFO] [stdout] 
[INFO] [stdout] 
[INFO] [stdout] error[E0412]: cannot find type `Headers` in module `hyper::header`
[INFO] [stdout]    --> src/main.rs:266:38
[INFO] [stdout]     |
[INFO] [stdout] 266 |     pub fn ex2() -> ::hyper::header::Headers {
[INFO] [stdout]     |                                      ^^^^^^^ not found in `hyper::header`
[INFO] [stdout] 
[INFO] [stdout] 
[INFO] [stdout] error[E0423]: expected function, tuple struct or tuple variant, found struct `UniCase`
[INFO] [stdout]    --> src/main.rs:273:17
[INFO] [stdout]     |
[INFO] [stdout] 273 |                 UniCase("accept-language".to_owned()),
[INFO] [stdout]     |                 ^^^^^^^ constructor is not visible here due to private fields
[INFO] [stdout] 
[INFO] [stdout] 
[INFO] [stdout] error[E0423]: expected function, tuple struct or tuple variant, found struct `UniCase`
[INFO] [stdout]    --> src/main.rs:274:17
[INFO] [stdout]     |
[INFO] [stdout] 274 |                 UniCase("date".to_owned()),
[INFO] [stdout]     |                 ^^^^^^^ constructor is not visible here due to private fields
[INFO] [stdout] 
[INFO] [stdout] 
[INFO] [stdout] error[E0412]: cannot find type `Headers` in module `hyper::header`
[INFO] [stdout]    --> src/main.rs:285:38
[INFO] [stdout]     |
[INFO] [stdout] 285 |     pub fn ex1() -> ::hyper::header::Headers {
[INFO] [stdout]     |                                      ^^^^^^^ not found in `hyper::header`
[INFO] [stdout] 
[INFO] [stdout] 
[INFO] [stdout] error[E0412]: cannot find type `Headers` in module `hyper::header`
[INFO] [stdout]    --> src/main.rs:298:38
[INFO] [stdout]     |
[INFO] [stdout] 298 |     pub fn ex2() -> ::hyper::header::Headers {
[INFO] [stdout]     |                                      ^^^^^^^ not found in `hyper::header`
[INFO] [stdout] 
[INFO] [stdout] 
[INFO] [stdout] error[E0412]: cannot find type `Headers` in module `hyper::header`
[INFO] [stdout]    --> src/main.rs:319:38
[INFO] [stdout]     |
[INFO] [stdout] 319 |     pub fn ex1() -> ::hyper::header::Headers {
[INFO] [stdout]     |                                      ^^^^^^^ not found in `hyper::header`
[INFO] [stdout] 
[INFO] [stdout] 
[INFO] [stdout] error[E0412]: cannot find type `Headers` in module `hyper::header`
[INFO] [stdout]    --> src/main.rs:331:38
[INFO] [stdout]     |
[INFO] [stdout] 331 |     pub fn ex2() -> ::hyper::header::Headers {
[INFO] [stdout]     |                                      ^^^^^^^ not found in `hyper::header`
[INFO] [stdout] 
[INFO] [stdout] 
[INFO] [stdout] error[E0412]: cannot find type `Headers` in module `hyper::header`
[INFO] [stdout]    --> src/main.rs:343:38
[INFO] [stdout]     |
[INFO] [stdout] 343 |     pub fn ex3() -> ::hyper::header::Headers {
[INFO] [stdout]     |                                      ^^^^^^^ not found in `hyper::header`
[INFO] [stdout] 
[INFO] [stdout] 
[INFO] [stdout] error[E0412]: cannot find type `Headers` in module `hyper::header`
[INFO] [stdout]    --> src/main.rs:359:38
[INFO] [stdout]     |
[INFO] [stdout] 359 |     pub fn ex1() -> ::hyper::header::Headers {
[INFO] [stdout]     |                                      ^^^^^^^ not found in `hyper::header`
[INFO] [stdout] 
[INFO] [stdout] 
[INFO] [stdout] error[E0412]: cannot find type `Headers` in module `hyper::header`
[INFO] [stdout]    --> src/main.rs:372:38
[INFO] [stdout]     |
[INFO] [stdout] 372 |     pub fn ex1() -> ::hyper::header::Headers {
[INFO] [stdout]     |                                      ^^^^^^^ not found in `hyper::header`
[INFO] [stdout] 
[INFO] [stdout] 
[INFO] [stdout] error[E0423]: expected function, tuple struct or tuple variant, found struct `UniCase`
[INFO] [stdout]    --> src/main.rs:378:46
[INFO] [stdout]     |
[INFO] [stdout] 378 |             AccessControlRequestHeaders(vec![UniCase("date".to_owned())])
[INFO] [stdout]     |                                              ^^^^^^^ constructor is not visible here due to private fields
[INFO] [stdout] 
[INFO] [stdout] 
[INFO] [stdout] error[E0412]: cannot find type `Headers` in module `hyper::header`
[INFO] [stdout]    --> src/main.rs:385:38
[INFO] [stdout]     |
[INFO] [stdout] 385 |     pub fn ex2() -> ::hyper::header::Headers {
[INFO] [stdout]     |                                      ^^^^^^^ not found in `hyper::header`
[INFO] [stdout] 
[INFO] [stdout] 
[INFO] [stdout] error[E0423]: expected function, tuple struct or tuple variant, found struct `UniCase`
[INFO] [stdout]    --> src/main.rs:392:17
[INFO] [stdout]     |
[INFO] [stdout] 392 |                 UniCase("accept-language".to_owned()),
[INFO] [stdout]     |                 ^^^^^^^ constructor is not visible here due to private fields
[INFO] [stdout] 
[INFO] [stdout] 
[INFO] [stdout] error[E0423]: expected function, tuple struct or tuple variant, found struct `UniCase`
[INFO] [stdout]    --> src/main.rs:393:17
[INFO] [stdout]     |
[INFO] [stdout] 393 |                 UniCase("date".to_owned()),
[INFO] [stdout]     |                 ^^^^^^^ constructor is not visible here due to private fields
[INFO] [stdout] 
[INFO] [stdout] 
[INFO] [stdout] error[E0412]: cannot find type `Headers` in module `hyper::header`
[INFO] [stdout]    --> src/main.rs:404:38
[INFO] [stdout]     |
[INFO] [stdout] 404 |     pub fn ex1() -> ::hyper::header::Headers {
[INFO] [stdout]     |                                      ^^^^^^^ not found in `hyper::header`
[INFO] [stdout] 
[INFO] [stdout] 
[INFO] [stdout] error[E0412]: cannot find type `Headers` in module `hyper::header`
[INFO] [stdout]    --> src/main.rs:418:38
[INFO] [stdout]     |
[INFO] [stdout] 418 |     pub fn ex1() -> ::hyper::header::Headers {
[INFO] [stdout]     |                                      ^^^^^^^ not found in `hyper::header`
[INFO] [stdout] 
[INFO] [stdout] 
[INFO] [stdout] error[E0412]: cannot find type `Headers` in module `hyper::header`
[INFO] [stdout]    --> src/main.rs:431:38
[INFO] [stdout]     |
[INFO] [stdout] 431 |     pub fn ex2() -> ::hyper::header::Headers {
[INFO] [stdout]     |                                      ^^^^^^^ not found in `hyper::header`
[INFO] [stdout] 
[INFO] [stdout] 
[INFO] [stdout] error[E0412]: cannot find type `Headers` in module `hyper::header`
[INFO] [stdout]    --> src/main.rs:452:38
[INFO] [stdout]     |
[INFO] [stdout] 452 |     pub fn ex1() -> ::hyper::header::Headers {
[INFO] [stdout]     |                                      ^^^^^^^ not found in `hyper::header`
[INFO] [stdout] 
[INFO] [stdout] 
[INFO] [stdout] error[E0412]: cannot find type `Headers` in module `hyper::header`
[INFO] [stdout]    --> src/main.rs:462:38
[INFO] [stdout]     |
[INFO] [stdout] 462 |     pub fn ex2() -> ::hyper::header::Headers {
[INFO] [stdout]     |                                      ^^^^^^^ not found in `hyper::header`
[INFO] [stdout] 
[INFO] [stdout] 
[INFO] [stdout] error[E0412]: cannot find type `Headers` in module `hyper::header`
[INFO] [stdout]    --> src/main.rs:482:38
[INFO] [stdout]     |
[INFO] [stdout] 482 |     pub fn ex1() -> ::hyper::header::Headers {
[INFO] [stdout]     |                                      ^^^^^^^ not found in `hyper::header`
[INFO] [stdout] 
[INFO] [stdout] 
[INFO] [stdout] error[E0412]: cannot find type `Headers` in module `hyper::header`
[INFO] [stdout]    --> src/main.rs:494:38
[INFO] [stdout]     |
[INFO] [stdout] 494 |     pub fn ex2() -> ::hyper::header::Headers {
[INFO] [stdout]     |                                      ^^^^^^^ not found in `hyper::header`
[INFO] [stdout] 
[INFO] [stdout] 
[INFO] [stdout] error[E0412]: cannot find type `Headers` in module `hyper::header`
[INFO] [stdout]    --> src/main.rs:515:38
[INFO] [stdout]     |
[INFO] [stdout] 515 |     pub fn ex1() -> ::hyper::header::Headers {
[INFO] [stdout]     |                                      ^^^^^^^ not found in `hyper::header`
[INFO] [stdout] 
[INFO] [stdout] 
[INFO] [stdout] error[E0412]: cannot find type `Headers` in module `hyper::header`
[INFO] [stdout]    --> src/main.rs:525:38
[INFO] [stdout]     |
[INFO] [stdout] 525 |     pub fn ex2() -> ::hyper::header::Headers {
[INFO] [stdout]     |                                      ^^^^^^^ not found in `hyper::header`
[INFO] [stdout] 
[INFO] [stdout] 
[INFO] [stdout] error[E0423]: expected function, tuple struct or tuple variant, found struct `UniCase`
[INFO] [stdout]    --> src/main.rs:532:52
[INFO] [stdout]     |
[INFO] [stdout] 532 |                 ConnectionOption::ConnectionHeader(UniCase("upgrade".to_owned())),
[INFO] [stdout]     |                                                    ^^^^^^^ constructor is not visible here due to private fields
[INFO] [stdout] 
[INFO] [stdout] 
[INFO] [stdout] error[E0412]: cannot find type `Headers` in module `hyper::header`
[INFO] [stdout]    --> src/main.rs:543:38
[INFO] [stdout]     |
[INFO] [stdout] 543 |     pub fn ex1() -> ::hyper::header::Headers {
[INFO] [stdout]     |                                      ^^^^^^^ not found in `hyper::header`
[INFO] [stdout] 
[INFO] [stdout] 
[INFO] [stdout] error[E0412]: cannot find type `Headers` in module `hyper::header`
[INFO] [stdout]    --> src/main.rs:553:38
[INFO] [stdout]     |
[INFO] [stdout] 553 |     pub fn ex2() -> ::hyper::header::Headers {
[INFO] [stdout]     |                                      ^^^^^^^ not found in `hyper::header`
[INFO] [stdout] 
[INFO] [stdout] 
[INFO] [stdout] error[E0412]: cannot find type `Headers` in module `hyper::header`
[INFO] [stdout]    --> src/main.rs:571:38
[INFO] [stdout]     |
[INFO] [stdout] 571 |     pub fn ex1() -> ::hyper::header::Headers {
[INFO] [stdout]     |                                      ^^^^^^^ not found in `hyper::header`
[INFO] [stdout] 
[INFO] [stdout] 
[INFO] [stdout] error[E0412]: cannot find type `Headers` in module `hyper::header`
[INFO] [stdout]    --> src/main.rs:590:38
[INFO] [stdout]     |
[INFO] [stdout] 590 |     pub fn ex2() -> ::hyper::header::Headers {
[INFO] [stdout]     |                                      ^^^^^^^ not found in `hyper::header`
[INFO] [stdout] 
[INFO] [stdout] 
[INFO] [stdout] error[E0412]: cannot find type `Headers` in module `hyper::header`
[INFO] [stdout]    --> src/main.rs:618:38
[INFO] [stdout]     |
[INFO] [stdout] 618 |     pub fn ex1() -> ::hyper::header::Headers {
[INFO] [stdout]     |                                      ^^^^^^^ not found in `hyper::header`
[INFO] [stdout] 
[INFO] [stdout] 
[INFO] [stdout] error[E0412]: cannot find type `Headers` in module `hyper::header`
[INFO] [stdout]    --> src/main.rs:631:38
[INFO] [stdout]     |
[INFO] [stdout] 631 |     pub fn ex1() -> ::hyper::header::Headers {
[INFO] [stdout]     |                                      ^^^^^^^ not found in `hyper::header`
[INFO] [stdout] 
[INFO] [stdout] 
[INFO] [stdout] error[E0412]: cannot find type `Headers` in module `hyper::header`
[INFO] [stdout]    --> src/main.rs:645:38
[INFO] [stdout]     |
[INFO] [stdout] 645 |     pub fn ex2() -> ::hyper::header::Headers {
[INFO] [stdout]     |                                      ^^^^^^^ not found in `hyper::header`
[INFO] [stdout] 
[INFO] [stdout] 
[INFO] [stdout] error[E0412]: cannot find type `Headers` in module `hyper::header`
[INFO] [stdout]    --> src/main.rs:663:38
[INFO] [stdout]     |
[INFO] [stdout] 663 |     pub fn ex1() -> ::hyper::header::Headers {
[INFO] [stdout]     |                                      ^^^^^^^ not found in `hyper::header`
[INFO] [stdout] 
[INFO] [stdout] 
[INFO] [stdout] error[E0412]: cannot find type `Headers` in module `hyper::header`
[INFO] [stdout]    --> src/main.rs:682:38
[INFO] [stdout]     |
[INFO] [stdout] 682 |     pub fn ex1() -> ::hyper::header::Headers {
[INFO] [stdout]     |                                      ^^^^^^^ not found in `hyper::header`
[INFO] [stdout] 
[INFO] [stdout] 
[INFO] [stdout] error[E0425]: cannot find function `now` in crate `time`
[INFO] [stdout]    --> src/main.rs:687:41
[INFO] [stdout]     |
[INFO] [stdout] 687 |         headers.set(Date(HttpDate(time::now())));
[INFO] [stdout]     |                                         ^^^ not found in `time`
[INFO] [stdout] 
[INFO] [stdout] 
[INFO] [stdout] error[E0412]: cannot find type `Headers` in module `hyper::header`
[INFO] [stdout]    --> src/main.rs:696:38
[INFO] [stdout]     |
[INFO] [stdout] 696 |     pub fn ex1() -> ::hyper::header::Headers {
[INFO] [stdout]     |                                      ^^^^^^^ not found in `hyper::header`
[INFO] [stdout] 
[INFO] [stdout] 
[INFO] [stdout] error[E0412]: cannot find type `Headers` in module `hyper::header`
[INFO] [stdout]    --> src/main.rs:706:38
[INFO] [stdout]     |
[INFO] [stdout] 706 |     pub fn ex2() -> ::hyper::header::Headers {
[INFO] [stdout]     |                                      ^^^^^^^ not found in `hyper::header`
[INFO] [stdout] 
[INFO] [stdout] 
[INFO] [stdout] error[E0412]: cannot find type `Headers` in module `hyper::header`
[INFO] [stdout]    --> src/main.rs:719:38
[INFO] [stdout]     |
[INFO] [stdout] 719 |     pub fn ex1() -> ::hyper::header::Headers {
[INFO] [stdout]     |                                      ^^^^^^^ not found in `hyper::header`
[INFO] [stdout] 
[INFO] [stdout] 
[INFO] [stdout] error[E0412]: cannot find type `Headers` in module `hyper::header`
[INFO] [stdout]    --> src/main.rs:732:38
[INFO] [stdout]     |
[INFO] [stdout] 732 |     pub fn ex1() -> ::hyper::header::Headers {
[INFO] [stdout]     |                                      ^^^^^^^ not found in `hyper::header`
[INFO] [stdout] 
[INFO] [stdout] 
[INFO] [stdout] error[E0425]: cannot find function `now` in crate `time`
[INFO] [stdout]    --> src/main.rs:737:44
[INFO] [stdout]     |
[INFO] [stdout] 737 |         headers.set(Expires(HttpDate(time::now() + Duration::days(1))));
[INFO] [stdout]     |                                            ^^^ not found in `time`
[INFO] [stdout] 
[INFO] [stdout] 
[INFO] [stdout] error[E0412]: cannot find type `Headers` in module `hyper::header`
[INFO] [stdout]    --> src/main.rs:746:38
[INFO] [stdout]     |
[INFO] [stdout] 746 |     pub fn ex1() -> ::hyper::header::Headers {
[INFO] [stdout]     |                                      ^^^^^^^ not found in `hyper::header`
[INFO] [stdout] 
[INFO] [stdout] 
[INFO] [stdout] error[E0412]: cannot find type `Headers` in module `hyper::header`
[INFO] [stdout]    --> src/main.rs:759:38
[INFO] [stdout]     |
[INFO] [stdout] 759 |     pub fn ex1() -> ::hyper::header::Headers {
[INFO] [stdout]     |                                      ^^^^^^^ not found in `hyper::header`
[INFO] [stdout] 
[INFO] [stdout] 
[INFO] [stdout] error[E0412]: cannot find type `Headers` in module `hyper::header`
[INFO] [stdout]    --> src/main.rs:774:38
[INFO] [stdout]     |
[INFO] [stdout] 774 |     pub fn ex2() -> ::hyper::header::Headers {
[INFO] [stdout]     |                                      ^^^^^^^ not found in `hyper::header`
[INFO] [stdout] 
[INFO] [stdout] 
[INFO] [stdout] error[E0412]: cannot find type `Headers` in module `hyper::header`
[INFO] [stdout]    --> src/main.rs:792:38
[INFO] [stdout]     |
[INFO] [stdout] 792 |     pub fn ex1() -> ::hyper::header::Headers {
[INFO] [stdout]     |                                      ^^^^^^^ not found in `hyper::header`
[INFO] [stdout] 
[INFO] [stdout] 
[INFO] [stdout] error[E0412]: cannot find type `Headers` in module `hyper::header`
[INFO] [stdout]    --> src/main.rs:802:38
[INFO] [stdout]     |
[INFO] [stdout] 802 |     pub fn ex2() -> ::hyper::header::Headers {
[INFO] [stdout]     |                                      ^^^^^^^ not found in `hyper::header`
[INFO] [stdout] 
[INFO] [stdout] 
[INFO] [stdout] error[E0412]: cannot find type `Headers` in module `hyper::header`
[INFO] [stdout]    --> src/main.rs:821:38
[INFO] [stdout]     |
[INFO] [stdout] 821 |     pub fn ex1() -> ::hyper::header::Headers {
[INFO] [stdout]     |                                      ^^^^^^^ not found in `hyper::header`
[INFO] [stdout] 
[INFO] [stdout] 
[INFO] [stdout] error[E0425]: cannot find function `now` in crate `time`
[INFO] [stdout]    --> src/main.rs:826:52
[INFO] [stdout]     |
[INFO] [stdout] 826 |         headers.set(IfModifiedSince(HttpDate(time::now() - Duration::days(1))));
[INFO] [stdout]     |                                                    ^^^ not found in `time`
[INFO] [stdout] 
[INFO] [stdout] 
[INFO] [stdout] error[E0412]: cannot find type `Headers` in module `hyper::header`
[INFO] [stdout]    --> src/main.rs:835:38
[INFO] [stdout]     |
[INFO] [stdout] 835 |     pub fn ex1() -> ::hyper::header::Headers {
[INFO] [stdout]     |                                      ^^^^^^^ not found in `hyper::header`
[INFO] [stdout] 
[INFO] [stdout] 
[INFO] [stdout] error[E0412]: cannot find type `Headers` in module `hyper::header`
[INFO] [stdout]    --> src/main.rs:845:38
[INFO] [stdout]     |
[INFO] [stdout] 845 |     pub fn ex2() -> ::hyper::header::Headers {
[INFO] [stdout]     |                                      ^^^^^^^ not found in `hyper::header`
[INFO] [stdout] 
[INFO] [stdout] 
[INFO] [stdout] error[E0412]: cannot find type `Headers` in module `hyper::header`
[INFO] [stdout]    --> src/main.rs:864:38
[INFO] [stdout]     |
[INFO] [stdout] 864 |     pub fn ex1() -> ::hyper::header::Headers {
[INFO] [stdout]     |                                      ^^^^^^^ not found in `hyper::header`
[INFO] [stdout] 
[INFO] [stdout] 
[INFO] [stdout] error[E0425]: cannot find function `now` in crate `time`
[INFO] [stdout]    --> src/main.rs:869:50
[INFO] [stdout]     |
[INFO] [stdout] 869 |         headers.set(IfRange::Date(HttpDate(time::now() - Duration::days(1))));
[INFO] [stdout]     |                                                  ^^^ not found in `time`
[INFO] [stdout] 
[INFO] [stdout] 
[INFO] [stdout] error[E0412]: cannot find type `Headers` in module `hyper::header`
[INFO] [stdout]    --> src/main.rs:875:38
[INFO] [stdout]     |
[INFO] [stdout] 875 |     pub fn ex2() -> ::hyper::header::Headers {
[INFO] [stdout]     |                                      ^^^^^^^ not found in `hyper::header`
[INFO] [stdout] 
[INFO] [stdout] 
[INFO] [stdout] error[E0412]: cannot find type `Headers` in module `hyper::header`
[INFO] [stdout]    --> src/main.rs:888:38
[INFO] [stdout]     |
[INFO] [stdout] 888 |     pub fn ex1() -> ::hyper::header::Headers {
[INFO] [stdout]     |                                      ^^^^^^^ not found in `hyper::header`
[INFO] [stdout] 
[INFO] [stdout] 
[INFO] [stdout] error[E0425]: cannot find function `now` in crate `time`
[INFO] [stdout]    --> src/main.rs:893:54
[INFO] [stdout]     |
[INFO] [stdout] 893 |         headers.set(IfUnmodifiedSince(HttpDate(time::now() - Duration::days(1))));
[INFO] [stdout]     |                                                      ^^^ not found in `time`
[INFO] [stdout] 
[INFO] [stdout] 
[INFO] [stdout] error[E0412]: cannot find type `Headers` in module `hyper::header`
[INFO] [stdout]    --> src/main.rs:902:38
[INFO] [stdout]     |
[INFO] [stdout] 902 |     pub fn ex1() -> ::hyper::header::Headers {
[INFO] [stdout]     |                                      ^^^^^^^ not found in `hyper::header`
[INFO] [stdout] 
[INFO] [stdout] 
[INFO] [stdout] error[E0425]: cannot find function `now` in crate `time`
[INFO] [stdout]    --> src/main.rs:907:49
[INFO] [stdout]     |
[INFO] [stdout] 907 |         headers.set(LastModified(HttpDate(time::now() - Duration::days(1))));
[INFO] [stdout]     |                                                 ^^^ not found in `time`
[INFO] [stdout] 
[INFO] [stdout] 
[INFO] [stdout] error[E0412]: cannot find type `Headers` in module `hyper::header`
[INFO] [stdout]    --> src/main.rs:916:38
[INFO] [stdout]     |
[INFO] [stdout] 916 |     pub fn ex1() -> ::hyper::header::Headers {
[INFO] [stdout]     |                                      ^^^^^^^ not found in `hyper::header`
[INFO] [stdout] 
[INFO] [stdout] 
[INFO] [stdout] error[E0412]: cannot find type `Headers` in module `hyper::header`
[INFO] [stdout]    --> src/main.rs:926:38
[INFO] [stdout]     |
[INFO] [stdout] 926 |     pub fn ex2() -> ::hyper::header::Headers {
[INFO] [stdout]     |                                      ^^^^^^^ not found in `hyper::header`
[INFO] [stdout] 
[INFO] [stdout] 
[INFO] [stdout] error[E0412]: cannot find type `Headers` in module `hyper::header`
[INFO] [stdout]    --> src/main.rs:939:38
[INFO] [stdout]     |
[INFO] [stdout] 939 |     pub fn ex1() -> ::hyper::header::Headers {
[INFO] [stdout]     |                                      ^^^^^^^ not found in `hyper::header`
[INFO] [stdout] 
[INFO] [stdout] 
[INFO] [stdout] error[E0412]: cannot find type `Headers` in module `hyper::header`
[INFO] [stdout]    --> src/main.rs:949:38
[INFO] [stdout]     |
[INFO] [stdout] 949 |     pub fn ex2() -> ::hyper::header::Headers {
[INFO] [stdout]     |                                      ^^^^^^^ not found in `hyper::header`
[INFO] [stdout] 
[INFO] [stdout] 
[INFO] [stdout] error[E0412]: cannot find type `Headers` in module `hyper::header`
[INFO] [stdout]    --> src/main.rs:962:38
[INFO] [stdout]     |
[INFO] [stdout] 962 |     pub fn ex1() -> ::hyper::header::Headers {
[INFO] [stdout]     |                                      ^^^^^^^ not found in `hyper::header`
[INFO] [stdout] 
[INFO] [stdout] 
[INFO] [stdout] error[E0412]: cannot find type `Headers` in module `hyper::header`
[INFO] [stdout]    --> src/main.rs:972:38
[INFO] [stdout]     |
[INFO] [stdout] 972 |     pub fn ex2() -> ::hyper::header::Headers {
[INFO] [stdout]     |                                      ^^^^^^^ not found in `hyper::header`
[INFO] [stdout] 
[INFO] [stdout] 
[INFO] [stdout] error[E0412]: cannot find type `Headers` in module `hyper::header`
[INFO] [stdout]    --> src/main.rs:985:38
[INFO] [stdout]     |
[INFO] [stdout] 985 |     pub fn ex1() -> ::hyper::header::Headers {
[INFO] [stdout]     |                                      ^^^^^^^ not found in `hyper::header`
[INFO] [stdout] 
[INFO] [stdout] 
[INFO] [stdout] error[E0412]: cannot find type `Headers` in module `hyper::header`
[INFO] [stdout]    --> src/main.rs:998:38
[INFO] [stdout]     |
[INFO] [stdout] 998 |     pub fn ex1() -> ::hyper::header::Headers {
[INFO] [stdout]     |                                      ^^^^^^^ not found in `hyper::header`
[INFO] [stdout] 
[INFO] [stdout] 
[INFO] [stdout] error[E0412]: cannot find type `Headers` in module `hyper::header`
[INFO] [stdout]     --> src/main.rs:1022:38
[INFO] [stdout]      |
[INFO] [stdout] 1022 |     pub fn ex1() -> ::hyper::header::Headers {
[INFO] [stdout]      |                                      ^^^^^^^ not found in `hyper::header`
[INFO] [stdout] 
[INFO] [stdout] 
[INFO] [stdout] error[E0412]: cannot find type `Headers` in module `hyper::header`
[INFO] [stdout]     --> src/main.rs:1040:38
[INFO] [stdout]      |
[INFO] [stdout] 1040 |     pub fn ex1() -> ::hyper::header::Headers {
[INFO] [stdout]      |                                      ^^^^^^^ not found in `hyper::header`
[INFO] [stdout] 
[INFO] [stdout] 
[INFO] [stdout] error[E0412]: cannot find type `Headers` in module `hyper::header`
[INFO] [stdout]     --> src/main.rs:1050:38
[INFO] [stdout]      |
[INFO] [stdout] 1050 |     pub fn ex2() -> ::hyper::header::Headers {
[INFO] [stdout]      |                                      ^^^^^^^ not found in `hyper::header`
[INFO] [stdout] 
[INFO] [stdout] 
[INFO] [stdout] error[E0412]: cannot find type `Headers` in module `hyper::header`
[INFO] [stdout]     --> src/main.rs:1070:38
[INFO] [stdout]      |
[INFO] [stdout] 1070 |     pub fn ex1() -> ::hyper::header::Headers {
[INFO] [stdout]      |                                      ^^^^^^^ not found in `hyper::header`
[INFO] [stdout] 
[INFO] [stdout] 
[INFO] [stdout] error[E0412]: cannot find type `Headers` in module `hyper::header`
[INFO] [stdout]     --> src/main.rs:1083:38
[INFO] [stdout]      |
[INFO] [stdout] 1083 |     pub fn ex1() -> ::hyper::header::Headers {
[INFO] [stdout]      |                                      ^^^^^^^ not found in `hyper::header`
[INFO] [stdout] 
[INFO] [stdout] 
[INFO] [stdout] error[E0412]: cannot find type `Headers` in module `hyper::header`
[INFO] [stdout]     --> src/main.rs:1093:38
[INFO] [stdout]      |
[INFO] [stdout] 1093 |     pub fn ex2() -> ::hyper::header::Headers {
[INFO] [stdout]      |                                      ^^^^^^^ not found in `hyper::header`
[INFO] [stdout] 
[INFO] [stdout] 
[INFO] [stdout] error[E0423]: expected function, tuple struct or tuple variant, found struct `UniCase`
[INFO] [stdout]     --> src/main.rs:1100:17
[INFO] [stdout]      |
[INFO] [stdout] 1100 |                 UniCase("accept-encoding".to_owned()),
[INFO] [stdout]      |                 ^^^^^^^ constructor is not visible here due to private fields
[INFO] [stdout] 
[INFO] [stdout] 
[INFO] [stdout] error[E0423]: expected function, tuple struct or tuple variant, found struct `UniCase`
[INFO] [stdout]     --> src/main.rs:1101:17
[INFO] [stdout]      |
[INFO] [stdout] 1101 |                 UniCase("accept-language".to_owned()),
[INFO] [stdout]      |                 ^^^^^^^ constructor is not visible here due to private fields
[INFO] [stdout] 
[INFO] [stdout] 
[INFO] [stdout] warning: the item `time` is imported redundantly
[INFO] [stdout]    --> src/main.rs:684:13
[INFO] [stdout]     |
[INFO] [stdout] 2   | extern crate time;
[INFO] [stdout]     | ------------------ the item `time` is already imported here
[INFO] [stdout] ...
[INFO] [stdout] 684 |         use time;
[INFO] [stdout]     |             ^^^^
[INFO] [stdout]     |
[INFO] [stdout]     = note: `#[warn(unused_imports)]` on by default
[INFO] [stdout] 
[INFO] [stdout] 
[INFO] [stdout] warning: the item `time` is imported redundantly
[INFO] [stdout]    --> src/main.rs:734:20
[INFO] [stdout]     |
[INFO] [stdout] 2   | extern crate time;
[INFO] [stdout]     | ------------------ the item `time` is already imported here
[INFO] [stdout] ...
[INFO] [stdout] 734 |         use time::{self, Duration};
[INFO] [stdout]     |                    ^^^^
[INFO] [stdout] 
[INFO] [stdout] 
[INFO] [stdout] warning: the item `time` is imported redundantly
[INFO] [stdout]    --> src/main.rs:823:20
[INFO] [stdout]     |
[INFO] [stdout] 2   | extern crate time;
[INFO] [stdout]     | ------------------ the item `time` is already imported here
[INFO] [stdout] ...
[INFO] [stdout] 823 |         use time::{self, Duration};
[INFO] [stdout]     |                    ^^^^
[INFO] [stdout] 
[INFO] [stdout] 
[INFO] [stdout] warning: the item `time` is imported redundantly
[INFO] [stdout]    --> src/main.rs:866:20
[INFO] [stdout]     |
[INFO] [stdout] 2   | extern crate time;
[INFO] [stdout]     | ------------------ the item `time` is already imported here
[INFO] [stdout] ...
[INFO] [stdout] 866 |         use time::{self, Duration};
[INFO] [stdout]     |                    ^^^^
[INFO] [stdout] 
[INFO] [stdout] 
[INFO] [stdout] warning: the item `time` is imported redundantly
[INFO] [stdout]    --> src/main.rs:890:20
[INFO] [stdout]     |
[INFO] [stdout] 2   | extern crate time;
[INFO] [stdout]     | ------------------ the item `time` is already imported here
[INFO] [stdout] ...
[INFO] [stdout] 890 |         use time::{self, Duration};
[INFO] [stdout]     |                    ^^^^
[INFO] [stdout] 
[INFO] [stdout] 
[INFO] [stdout] warning: the item `time` is imported redundantly
[INFO] [stdout]    --> src/main.rs:904:20
[INFO] [stdout]     |
[INFO] [stdout] 2   | extern crate time;
[INFO] [stdout]     | ------------------ the item `time` is already imported here
[INFO] [stdout] ...
[INFO] [stdout] 904 |         use time::{self, Duration};
[INFO] [stdout]     |                    ^^^^
[INFO] [stdout] 
[INFO] [stdout] 
[INFO] [stdout] error[E0616]: field `path` of struct `Cookie` is private
[INFO] [stdout]     --> src/main.rs:1005:16
[INFO] [stdout]      |
[INFO] [stdout] 1005 |         cookie.path = Some("/path".to_owned());
[INFO] [stdout]      |                ^^^^ private field
[INFO] [stdout] 
[INFO] [stdout] 
[INFO] [stdout] error[E0616]: field `path` of struct `Cookie` is private
[INFO] [stdout]     --> src/main.rs:1005:16
[INFO] [stdout]      |
[INFO] [stdout] 1005 |         cookie.path = Some("/path".to_owned());
[INFO] [stdout]      |                ^^^^ private field
[INFO] [stdout] 
[INFO] [stdout] 
[INFO] [stdout] error[E0308]: mismatched types
[INFO] [stdout]     --> src/main.rs:1005:28
[INFO] [stdout]      |
[INFO] [stdout] 1005 |         cookie.path = Some("/path".to_owned());
[INFO] [stdout]      |                            ^^^^^^^^^^^^^^^^^^ expected enum `cookie::CookieStr`, found struct `String`
[INFO] [stdout] 
[INFO] [stdout] 
[INFO] [stdout] error[E0616]: field `domain` of struct `Cookie` is private
[INFO] [stdout]     --> src/main.rs:1006:16
[INFO] [stdout]      |
[INFO] [stdout] 1006 |         cookie.domain = Some("example.com".to_owned());
[INFO] [stdout]      |                ^^^^^^ private field
[INFO] [stdout] 
[INFO] [stdout] 
[INFO] [stdout] error[E0308]: mismatched types
[INFO] [stdout]     --> src/main.rs:1005:28
[INFO] [stdout]      |
[INFO] [stdout] 1005 |         cookie.path = Some("/path".to_owned());
[INFO] [stdout]      |                            ^^^^^^^^^^^^^^^^^^ expected enum `cookie::CookieStr`, found struct `String`
[INFO] [stdout] 
[INFO] [stdout] 
[INFO] [stdout] error[E0616]: field `domain` of struct `Cookie` is private
[INFO] [stdout]     --> src/main.rs:1006:16
[INFO] [stdout]      |
[INFO] [stdout] 1006 |         cookie.domain = Some("example.com".to_owned());
[INFO] [stdout]      |                ^^^^^^ private field
[INFO] [stdout] 
[INFO] [stdout] 
[INFO] [stdout] error[E0308]: mismatched types
[INFO] [stdout]     --> src/main.rs:1006:30
[INFO] [stdout]      |
[INFO] [stdout] 1006 |         cookie.domain = Some("example.com".to_owned());
[INFO] [stdout]      |                              ^^^^^^^^^^^^^^^^^^^^^^^^ expected enum `cookie::CookieStr`, found struct `String`
[INFO] [stdout] 
[INFO] [stdout] 
[INFO] [stdout] error[E0599]: no method named `unwrap` found for unit type `()` in the current scope
[INFO] [stdout]     --> src/main.rs:1112:24
[INFO] [stdout]      |
[INFO] [stdout] 1112 |     env_logger::init().unwrap();
[INFO] [stdout]      |                        ^^^^^^ method not found in `()`
[INFO] [stdout] 
[INFO] [stdout] 
[INFO] [stdout] error[E0308]: mismatched types
[INFO] [stdout]     --> src/main.rs:1006:30
[INFO] [stdout]      |
[INFO] [stdout] 1006 |         cookie.domain = Some("example.com".to_owned());
[INFO] [stdout]      |                              ^^^^^^^^^^^^^^^^^^^^^^^^ expected enum `cookie::CookieStr`, found struct `String`
[INFO] [stdout] 
[INFO] [stdout] 
[INFO] [stdout] error: aborting due to 175 previous errors; 6 warnings emitted
[INFO] [stdout] 
[INFO] [stdout] 
[INFO] [stdout] Some errors have detailed explanations: E0308, E0412, E0423, E0425, E0432, E0599, E0616.
[INFO] [stdout] 
[INFO] [stdout] For more information about an error, try `rustc --explain E0308`.
[INFO] [stdout] 
[INFO] [stderr] error: could not compile `hyper-header-examples`.
[INFO] [stderr] 
[INFO] [stderr] To learn more, run the command again with --verbose.
[INFO] [stderr] warning: build failed, waiting for other jobs to finish...
[INFO] [stdout] error[E0599]: no method named `unwrap` found for unit type `()` in the current scope
[INFO] [stdout]     --> src/main.rs:1112:24
[INFO] [stdout]      |
[INFO] [stdout] 1112 |     env_logger::init().unwrap();
[INFO] [stdout]      |                        ^^^^^^ method not found in `()`
[INFO] [stdout] 
[INFO] [stdout] 
[INFO] [stdout] error: aborting due to 175 previous errors; 6 warnings emitted
[INFO] [stdout] 
[INFO] [stdout] 
[INFO] [stdout] Some errors have detailed explanations: E0308, E0412, E0423, E0425, E0432, E0599, E0616.
[INFO] [stdout] 
[INFO] [stdout] For more information about an error, try `rustc --explain E0308`.
[INFO] [stdout] 
[INFO] [stderr] error: build failed
[INFO] running `Command { std: "docker" "inspect" "92027b064e08d5a6f36ca0e09016180496a2d31e18743521310acd7c8353b632", kill_on_drop: false }`
[INFO] running `Command { std: "docker" "rm" "-f" "92027b064e08d5a6f36ca0e09016180496a2d31e18743521310acd7c8353b632", kill_on_drop: false }`
[INFO] [stdout] 92027b064e08d5a6f36ca0e09016180496a2d31e18743521310acd7c8353b632
